Last updated on 2025-01-13 12:49:42 CET.
Flavor | Version | Tinstall | Tcheck | Ttotal | Status | Flags |
---|---|---|---|---|---|---|
r-devel-linux-x86_64-debian-clang | 4.6.0 | 102.26 | 163.32 | 265.58 | OK | |
r-devel-linux-x86_64-debian-gcc | 4.6.0 | 79.88 | 114.58 | 194.46 | OK | |
r-devel-linux-x86_64-fedora-clang | 4.7.0 | 470.07 | OK | |||
r-devel-linux-x86_64-fedora-gcc | 4.7.0 | 531.69 | OK | |||
r-devel-windows-x86_64 | 4.7.0 | 77.00 | 172.00 | 249.00 | OK | |
r-patched-linux-x86_64 | 4.6.0 | 110.39 | 153.86 | 264.25 | NOTE | |
r-release-linux-x86_64 | 4.6.0 | 110.44 | 152.59 | 263.03 | NOTE | |
r-release-macos-arm64 | 4.6.0 | 261.00 | NOTE | |||
r-release-macos-x86_64 | 4.7.0 | 231.00 | NOTE | |||
r-release-windows-x86_64 | 4.6.0 | 102.00 | 199.00 | 301.00 | NOTE | |
r-oldrel-macos-arm64 | 4.6.0 | 260.00 | NOTE | |||
r-oldrel-macos-x86_64 | 4.7.0 | 218.00 | NOTE | |||
r-oldrel-windows-x86_64 | 4.6.0 | 130.00 | 243.00 | 373.00 | NOTE |
Version: 4.6.0
Check: package dependencies
Result: NOTE
Package suggested but not available for checking: ‘gurobi’
Flavors: r-patched-linux-x86_64, r-release-linux-x86_64, r-release-macos-arm64, r-release-windows-x86_64, r-oldrel-macos-arm64, r-oldrel-windows-x86_64
Version: 4.6.0
Check: installed package size
Result: NOTE
installed size is 8.7Mb
sub-directories of 1Mb or more:
doc 1.3Mb
libs 6.3Mb
Flavors: r-release-macos-arm64, r-oldrel-macos-arm64
Version: 4.7.0
Check: package dependencies
Result: NOTE
Package suggested but not available for checking: ‘gurobi’
Flavors: r-release-macos-x86_64, r-oldrel-macos-x86_64
Version: 4.7.0
Check: installed package size
Result: NOTE
installed size is 8.2Mb
sub-directories of 1Mb or more:
doc 1.3Mb
libs 5.7Mb
Flavors: r-release-macos-x86_64, r-oldrel-macos-x86_64