Last updated on 2022-06-28 21:51:25 CEST.
Flavor | Version | Tinstall | Tcheck | Ttotal | Status | Flags |
---|---|---|---|---|---|---|
r-devel-linux-x86_64-debian-clang | 1.0.1 | 226.10 | 29.88 | 255.98 | OK | |
r-devel-linux-x86_64-debian-gcc | 1.0.1 | 177.35 | 23.27 | 200.62 | OK | |
r-devel-linux-x86_64-fedora-clang | 1.0.1 | 453.15 | NOTE | |||
r-devel-linux-x86_64-fedora-gcc | 1.0.1 | 341.65 | OK | |||
r-devel-windows-x86_64 | 1.0.1 | 406.00 | 89.00 | 495.00 | OK | |
r-patched-linux-x86_64 | 1.0.1 | 183.14 | 28.61 | 211.75 | OK | |
r-release-linux-x86_64 | 1.0.1 | 187.75 | 28.79 | 216.54 | OK | |
r-release-macos-arm64 | 1.0.1 | 90.00 | NOTE | |||
r-release-macos-x86_64 | 1.0.1 | 117.00 | NOTE | |||
r-release-windows-x86_64 | 1.0.1 | 455.00 | 88.00 | 543.00 | OK | |
r-oldrel-macos-arm64 | 1.0.1 | 71.00 | NOTE | |||
r-oldrel-macos-x86_64 | 1.0.1 | 116.00 | NOTE | |||
r-oldrel-windows-ix86+x86_64 | 1.0.1 | 912.00 | 86.00 | 998.00 | OK |
Version: 1.0.1
Check: installed package size
Result: NOTE
installed size is 8.0Mb
sub-directories of 1Mb or more:
libs 7.6Mb
Flavors: r-devel-linux-x86_64-fedora-clang, r-release-macos-arm64, r-release-macos-x86_64, r-oldrel-macos-arm64, r-oldrel-macos-x86_64