Last updated on 2024-04-23 05:58:16 CEST.
Flavor | Version | Tinstall | Tcheck | Ttotal | Status | Flags |
---|---|---|---|---|---|---|
r-devel-linux-x86_64-debian-clang | 1.0 | 1.94 | 29.05 | 30.99 | NOTE | |
r-devel-linux-x86_64-debian-gcc | 1.0 | 1.63 | 22.47 | 24.10 | NOTE | |
r-devel-linux-x86_64-fedora-clang | 1.0 | 40.87 | NOTE | |||
r-devel-linux-x86_64-fedora-gcc | 1.0 | 64.73 | NOTE | |||
r-prerel-macos-arm64 | 1.0 | 25.00 | NOTE | |||
r-prerel-windows-x86_64 | 1.0 | 3.00 | 45.00 | 48.00 | NOTE | |
r-patched-linux-x86_64 | 1.0 | 1.86 | 27.56 | 29.42 | NOTE | |
r-release-linux-x86_64 | 1.0 | 2.01 | 25.69 | 27.70 | NOTE | |
r-release-macos-arm64 | 1.0 | 27.00 | NOTE | |||
r-release-macos-x86_64 | 1.0 | 41.00 | NOTE | |||
r-release-windows-x86_64 | 1.0 | 4.00 | 45.00 | 49.00 | NOTE | |
r-oldrel-macos-arm64 | 1.0 | 22.00 | NOTE | |||
r-oldrel-windows-x86_64 | 1.0 | 4.00 | 50.00 | 54.00 | NOTE |
Version: 1.0
Check: LazyData
Result: NOTE
'LazyData' is specified without a 'data' directory
Flavors: r-devel-linux-x86_64-debian-clang, r-devel-linux-x86_64-debian-gcc, r-devel-linux-x86_64-fedora-clang, r-devel-linux-x86_64-fedora-gcc, r-prerel-macos-arm64, r-prerel-windows-x86_64, r-patched-linux-x86_64, r-release-linux-x86_64, r-release-macos-arm64, r-release-macos-x86_64, r-release-windows-x86_64, r-oldrel-macos-arm64, r-oldrel-windows-x86_64