Last updated on 2024-04-24 02:53:06 CEST.
Flavor | Version | Tinstall | Tcheck | Ttotal | Status | Flags |
---|---|---|---|---|---|---|
r-devel-linux-x86_64-debian-clang | 1.5.5 | 78.80 | 620.91 | 699.71 | NOTE | |
r-devel-linux-x86_64-debian-gcc | 1.5.5 | 74.78 | 422.44 | 497.22 | NOTE | |
r-devel-linux-x86_64-fedora-clang | 1.5.5 | 876.16 | NOTE | |||
r-devel-linux-x86_64-fedora-gcc | 1.5.5 | 874.92 | NOTE | |||
r-prerel-macos-arm64 | 1.5.5 | 194.00 | NOTE | |||
r-prerel-windows-x86_64 | 1.5.5 | 71.00 | 450.00 | 521.00 | NOTE | |
r-patched-linux-x86_64 | 1.5.5 | 73.55 | 576.33 | 649.88 | NOTE | |
r-release-linux-x86_64 | 1.5.5 | 81.67 | 595.26 | 676.93 | OK | |
r-release-macos-arm64 | 1.5.5 | 208.00 | OK | |||
r-release-macos-x86_64 | 1.5.5 | 363.00 | OK | |||
r-release-windows-x86_64 | 1.5.5 | 101.00 | 588.00 | 689.00 | OK | |
r-oldrel-macos-arm64 | 1.5.5 | 137.00 | NOTE | |||
r-oldrel-windows-x86_64 | 1.5.5 | 102.00 | 579.00 | 681.00 | OK |
Version: 1.5.5
Check: Rd files
Result: NOTE
checkRd: (-1) bbc.Rd:39: Lost braces
39 | The "nbdev.mxm" (negative binomial deviance) is missing. For more information on these see \code{\link{cv.ses}}. bold{Note} that they come with "".
| ^
checkRd: (-1) cv.fbed.lmm.reg.Rd:32: Lost braces; missing escapes or markup?
32 | The folds of the data to use (a list generated by the function generateCVRuns {TunePareto}). If NULL the folds are created internally with the same function.
| ^
checkRd: (-1) cv.gomp.Rd:29: Lost braces; missing escapes or markup?
29 | The folds of the data to use (a list generated by the function generateCVRuns {TunePareto}). If NULL the folds are created internally with the same function.
| ^
checkRd: (-1) cv.ses.Rd:94: Lost braces; missing escapes or markup?
94 | The folds of the data to use (a list generated by the function generateCVRuns {TunePareto}). If NULL the folds are created internally with the same function.
| ^
Flavors: r-devel-linux-x86_64-debian-clang, r-devel-linux-x86_64-debian-gcc, r-devel-linux-x86_64-fedora-clang, r-devel-linux-x86_64-fedora-gcc, r-prerel-macos-arm64, r-prerel-windows-x86_64, r-patched-linux-x86_64
Version: 1.5.5
Check: dependencies in R code
Result: NOTE
Namespace in Imports field not imported from: ‘knitr’
All declared Imports should be used.
Flavors: r-devel-linux-x86_64-fedora-clang, r-devel-linux-x86_64-fedora-gcc, r-oldrel-macos-arm64