CRAN Package Check Results for Package MTS

Last updated on 2022-01-29 06:49:41 CET.

Flavor Version Tinstall Tcheck Ttotal Status Flags
r-devel-linux-x86_64-debian-clang 1.0.3 38.78 168.16 206.94 OK
r-devel-linux-x86_64-debian-gcc 1.0.3 31.83 121.50 153.33 OK
r-devel-linux-x86_64-fedora-clang 1.0.3 242.01 NOTE
r-devel-linux-x86_64-fedora-gcc 1.0.3 231.18 NOTE
r-devel-windows-x86_64-new-UL 1.0.3 101.00 190.00 291.00 OK
r-devel-windows-x86_64-new-TK 1.0.3 OK
r-patched-linux-x86_64 1.0.3 34.25 154.88 189.13 OK
r-release-linux-x86_64 1.0.3 34.02 157.10 191.12 OK
r-release-macos-arm64 1.0.3 OK
r-release-macos-x86_64 1.0.3 OK
r-release-windows-ix86+x86_64 1.0.3 74.00 226.00 300.00 OK
r-oldrel-macos-x86_64 1.0.3 OK
r-oldrel-windows-ix86+x86_64 1.0.3 73.00 220.00 293.00 OK

Check Details

Version: 1.0.3
Check: compiled code
Result: NOTE
    File ‘MTS/libs/MTS.so’:
     Found no calls to: ‘R_registerRoutines’, ‘R_useDynamicSymbols’
    
    It is good practice to register native routines and to disable symbol
    search.
    
    See ‘Writing portable packages’ in the ‘Writing R Extensions’ manual.
Flavors: r-devel-linux-x86_64-fedora-clang, r-devel-linux-x86_64-fedora-gcc