CRAN Package Check Results for Package MTLR

Last updated on 2023-03-21 03:54:29 CET.

Flavor Version Tinstall Tcheck Ttotal Status Flags
r-devel-linux-x86_64-debian-clang 0.2.1 NOTE
r-devel-linux-x86_64-debian-gcc 0.2.1 27.83 55.32 83.15 NOTE
r-devel-linux-x86_64-fedora-clang 0.2.1 147.74 NOTE
r-devel-linux-x86_64-fedora-gcc 0.2.1 151.18 NOTE
r-devel-windows-x86_64 0.2.1 47.00 120.00 167.00 NOTE
r-patched-linux-x86_64 0.2.1 30.37 70.64 101.01 NOTE
r-release-linux-x86_64 0.2.1 28.66 69.62 98.28 NOTE
r-release-macos-arm64 0.2.1 42.00 NOTE
r-release-macos-x86_64 0.2.1 54.00 NOTE
r-release-windows-x86_64 0.2.1 48.00 126.00 174.00 NOTE
r-oldrel-macos-arm64 0.2.1 50.00 NOTE
r-oldrel-macos-x86_64 0.2.1 80.00 NOTE
r-oldrel-windows-ix86+x86_64 0.2.1 87.00 151.00 238.00 NOTE

Check Details

Version: 0.2.1
Check: LazyData
Result: NOTE
     'LazyData' is specified without a 'data' directory
Flavors: r-devel-linux-x86_64-debian-clang, r-devel-linux-x86_64-debian-gcc, r-devel-linux-x86_64-fedora-clang, r-devel-linux-x86_64-fedora-gcc, r-devel-windows-x86_64, r-patched-linux-x86_64, r-release-linux-x86_64, r-release-macos-arm64, r-release-macos-x86_64, r-release-windows-x86_64, r-oldrel-macos-arm64, r-oldrel-macos-x86_64, r-oldrel-windows-ix86+x86_64