Last updated on 2023-03-25 12:53:01 CET.
Flavor | Version | Tinstall | Tcheck | Ttotal | Status | Flags |
---|---|---|---|---|---|---|
r-devel-linux-x86_64-debian-clang | 1.3.7 | 19.01 | 350.14 | 369.15 | OK | |
r-devel-linux-x86_64-debian-gcc | 1.3.7 | 15.44 | 258.15 | 273.59 | OK | |
r-devel-linux-x86_64-fedora-gcc | 1.3.7 | 442.84 | NOTE | |||
r-devel-windows-x86_64 | 1.3.7 | 26.00 | 303.00 | 329.00 | OK | |
r-patched-linux-x86_64 | 1.3.7 | 19.81 | 326.39 | 346.20 | OK | |
r-release-linux-x86_64 | 1.3.7 | 12.53 | 324.95 | 337.48 | OK | |
r-release-macos-arm64 | 1.3.7 | 96.00 | NOTE | |||
r-release-macos-x86_64 | 1.3.7 | 176.00 | NOTE | |||
r-release-windows-x86_64 | 1.3.7 | 29.00 | 301.00 | 330.00 | OK | |
r-oldrel-macos-arm64 | 1.3.7 | 107.00 | NOTE | |||
r-oldrel-macos-x86_64 | 1.3.7 | 124.00 | NOTE | |||
r-oldrel-windows-ix86+x86_64 | 1.3.7 | 41.00 | 316.00 | 357.00 | OK |
Version: 1.3.7
Check: dependencies in R code
Result: NOTE
Namespace in Imports field not imported from: ‘ranger’
All declared Imports should be used.
Flavors: r-devel-linux-x86_64-fedora-gcc, r-release-macos-arm64, r-release-macos-x86_64, r-oldrel-macos-arm64, r-oldrel-macos-x86_64