Last updated on 2024-04-23 21:54:51 CEST.
Flavor | Version | Tinstall | Tcheck | Ttotal | Status | Flags |
---|---|---|---|---|---|---|
r-devel-linux-x86_64-debian-clang | 1.3.7 | 20.01 | 326.11 | 346.12 | OK | |
r-devel-linux-x86_64-debian-gcc | 1.3.7 | 14.80 | 237.98 | 252.78 | OK | |
r-devel-linux-x86_64-fedora-clang | 1.3.7 | 423.57 | NOTE | |||
r-devel-linux-x86_64-fedora-gcc | 1.3.7 | 434.57 | NOTE | |||
r-prerel-macos-arm64 | 1.3.7 | 102.00 | OK | |||
r-prerel-windows-x86_64 | 1.3.7 | 18.00 | 186.00 | 204.00 | OK | |
r-patched-linux-x86_64 | 1.3.7 | 15.74 | 292.11 | 307.85 | OK | |
r-release-linux-x86_64 | 1.3.7 | 17.50 | 293.11 | 310.61 | OK | |
r-release-macos-arm64 | 1.3.7 | 116.00 | OK | |||
r-release-macos-x86_64 | 1.3.7 | 176.00 | OK | |||
r-release-windows-x86_64 | 1.3.7 | 23.00 | 246.00 | 269.00 | OK | |
r-oldrel-macos-arm64 | 1.3.7 | 96.00 | NOTE | |||
r-oldrel-windows-x86_64 | 1.3.7 | 26.00 | 246.00 | 272.00 | OK |
Version: 1.3.7
Check: dependencies in R code
Result: NOTE
Namespace in Imports field not imported from: ‘ranger’
All declared Imports should be used.
Flavors: r-devel-linux-x86_64-fedora-clang, r-devel-linux-x86_64-fedora-gcc, r-oldrel-macos-arm64