Last updated on 2022-05-20 12:53:30 CEST.
Flavor | Version | Tinstall | Tcheck | Ttotal | Status | Flags |
---|---|---|---|---|---|---|
r-devel-linux-x86_64-debian-clang | 3.0 | 34.80 | 165.69 | 200.49 | OK | |
r-devel-linux-x86_64-debian-gcc | 3.0 | 26.01 | 117.38 | 143.39 | OK | |
r-devel-linux-x86_64-fedora-clang | 3.0 | 227.60 | NOTE | |||
r-devel-windows-x86_64 | 3.0 | 35.00 | 156.00 | 191.00 | OK | |
r-patched-linux-x86_64 | 3.0 | 34.64 | 152.10 | 186.74 | OK | |
r-release-linux-x86_64 | 3.0 | 28.28 | 154.37 | 182.65 | OK | |
r-release-macos-arm64 | 3.0 | 53.00 | NOTE | |||
r-release-macos-x86_64 | 3.0 | 87.00 | NOTE | |||
r-release-windows-x86_64 | 3.0 | 33.00 | 156.00 | 189.00 | OK | |
r-oldrel-macos-arm64 | 3.0 | 66.00 | NOTE | |||
r-oldrel-macos-x86_64 | 3.0 | 96.00 | NOTE | |||
r-oldrel-windows-ix86+x86_64 | 3.0 | 57.00 | 157.00 | 214.00 | OK |
Version: 3.0
Check: dependencies in R code
Result: NOTE
Namespaces in Imports field not imported from:
‘datasets’ ‘grDevices’ ‘graphics’ ‘iterators’ ‘methods’
All declared Imports should be used.
Flavors: r-devel-linux-x86_64-fedora-clang, r-release-macos-arm64, r-release-macos-x86_64, r-oldrel-macos-arm64, r-oldrel-macos-x86_64