Last updated on 2022-05-26 21:50:11 CEST.
Flavor | Version | Tinstall | Tcheck | Ttotal | Status | Flags |
---|---|---|---|---|---|---|
r-devel-linux-x86_64-debian-clang | 0.1-4 | 25.44 | 51.01 | 76.45 | WARN | |
r-devel-linux-x86_64-debian-gcc | 0.1-4 | 20.84 | 44.12 | 64.96 | OK | |
r-devel-linux-x86_64-fedora-clang | 0.1-4 | 101.92 | WARN | |||
r-devel-linux-x86_64-fedora-gcc | 0.1-4 | 95.63 | OK | |||
r-devel-windows-x86_64 | 0.1-4 | 72.00 | 102.00 | 174.00 | OK | |
r-patched-linux-x86_64 | 0.1-4 | 25.03 | 49.85 | 74.88 | OK | |
r-release-linux-x86_64 | 0.1-4 | 21.81 | 49.58 | 71.39 | OK | |
r-release-macos-arm64 | 0.1-4 | 30.00 | OK | |||
r-release-macos-x86_64 | 0.1-4 | 42.00 | OK | |||
r-release-windows-x86_64 | 0.1-4 | 160.00 | 106.00 | 266.00 | OK | |
r-oldrel-macos-arm64 | 0.1-4 | 40.00 | OK | |||
r-oldrel-macos-x86_64 | 0.1-4 | 36.00 | OK | |||
r-oldrel-windows-ix86+x86_64 | 0.1-4 | 65.00 | 92.00 | 157.00 | OK |
Version: 0.1-4
Check: whether package can be installed
Result: WARN
Found the following significant warnings:
mpboost.cpp:88:9: warning: use of bitwise '&' with boolean operands [-Wbitwise-instead-of-logical]
Flavors: r-devel-linux-x86_64-debian-clang, r-devel-linux-x86_64-fedora-clang