Last updated on 2023-06-09 11:57:29 CEST.
Flavor | Version | Tinstall | Tcheck | Ttotal | Status | Flags |
---|---|---|---|---|---|---|
r-devel-linux-x86_64-debian-clang | 1.0-3 | 13.31 | 120.20 | 133.51 | NOTE | |
r-devel-linux-x86_64-debian-gcc | 1.0-3 | 10.80 | 89.57 | 100.37 | NOTE | |
r-devel-linux-x86_64-fedora-clang | 1.0-3 | 173.36 | NOTE | |||
r-devel-linux-x86_64-fedora-gcc | 1.0-3 | 158.34 | NOTE | |||
r-devel-windows-x86_64 | 1.0-3 | 13.00 | 101.00 | 114.00 | NOTE | |
r-patched-linux-x86_64 | 1.0-3 | 12.29 | 115.05 | 127.34 | NOTE | |
r-release-linux-x86_64 | 1.0-3 | 12.67 | 114.40 | 127.07 | NOTE | |
r-release-macos-arm64 | 1.0-3 | 47.00 | NOTE | |||
r-release-macos-x86_64 | 1.0-3 | 77.00 | NOTE | |||
r-release-windows-x86_64 | 1.0-3 | 16.00 | 128.00 | 144.00 | NOTE | |
r-oldrel-macos-arm64 | 1.0-3 | 42.00 | NOTE | |||
r-oldrel-macos-x86_64 | 1.0-3 | 59.00 | NOTE | |||
r-oldrel-windows-x86_64 | 1.0-3 | 16.00 | 124.00 | 140.00 | NOTE |
Version: 1.0-3
Check: package dependencies
Result: NOTE
Package suggested but not available for checking: ‘Flury’
Flavors: r-devel-linux-x86_64-debian-clang, r-devel-linux-x86_64-debian-gcc, r-devel-linux-x86_64-fedora-clang, r-devel-linux-x86_64-fedora-gcc, r-devel-windows-x86_64, r-patched-linux-x86_64, r-release-linux-x86_64, r-release-macos-arm64, r-release-macos-x86_64, r-release-windows-x86_64, r-oldrel-macos-arm64, r-oldrel-macos-x86_64, r-oldrel-windows-x86_64