Last updated on 2024-04-23 21:54:51 CEST.
Flavor | Version | Tinstall | Tcheck | Ttotal | Status | Flags |
---|---|---|---|---|---|---|
r-devel-linux-x86_64-debian-clang | 1.1.0 | 12.88 | 122.23 | 135.11 | NOTE | |
r-devel-linux-x86_64-debian-gcc | 1.1.0 | 10.58 | 86.62 | 97.20 | NOTE | |
r-devel-linux-x86_64-fedora-clang | 1.1.0 | 177.18 | NOTE | |||
r-devel-linux-x86_64-fedora-gcc | 1.1.0 | 160.37 | NOTE | |||
r-prerel-macos-arm64 | 1.1.0 | 46.00 | NOTE | |||
r-prerel-windows-x86_64 | 1.1.0 | 10.00 | 96.00 | 106.00 | NOTE | |
r-patched-linux-x86_64 | 1.1.0 | 12.36 | 111.88 | 124.24 | NOTE | |
r-release-linux-x86_64 | 1.1.0 | 8.05 | 115.41 | 123.46 | OK | |
r-release-macos-arm64 | 1.1.0 | 48.00 | OK | |||
r-release-macos-x86_64 | 1.1.0 | 82.00 | OK | |||
r-release-windows-x86_64 | 1.1.0 | 17.00 | 118.00 | 135.00 | OK | |
r-oldrel-macos-arm64 | 1.1.0 | 46.00 | OK | |||
r-oldrel-windows-x86_64 | 1.1.0 | 15.00 | 117.00 | 132.00 | OK |
Version: 1.1.0
Check: Rd files
Result: NOTE
checkRd: (-1) rMNB.Rd:23: Lost braces; missing escapes or markup?
23 | It simulates a multivariate response variable, Y_{ij}, that is jth measurement
| ^
Flavors: r-devel-linux-x86_64-debian-clang, r-devel-linux-x86_64-debian-gcc, r-devel-linux-x86_64-fedora-clang, r-devel-linux-x86_64-fedora-gcc, r-prerel-macos-arm64, r-prerel-windows-x86_64, r-patched-linux-x86_64