Last updated on 2023-03-28 12:54:46 CEST.
Flavor | Version | Tinstall | Tcheck | Ttotal | Status | Flags |
---|---|---|---|---|---|---|
r-devel-linux-x86_64-debian-clang | 0.8.0 | 47.46 | 53.89 | 101.35 | NOTE | |
r-devel-linux-x86_64-debian-gcc | 0.8.0 | 41.02 | 41.22 | 82.24 | NOTE | |
r-devel-linux-x86_64-fedora-clang | 0.8.0 | 140.17 | NOTE | |||
r-devel-linux-x86_64-fedora-gcc | 0.8.0 | 136.49 | NOTE | |||
r-patched-linux-x86_64 | 0.8.0 | 39.83 | 53.49 | 93.32 | NOTE | |
r-release-linux-x86_64 | 0.8.0 | 37.78 | 54.07 | 91.85 | NOTE | |
r-release-macos-arm64 | 0.8.0 | 42.00 | NOTE | |||
r-release-macos-x86_64 | 0.8.0 | 72.00 | NOTE | |||
r-release-windows-x86_64 | 0.8.0 | 42.00 | 106.00 | 148.00 | NOTE | |
r-oldrel-macos-arm64 | 0.8.0 | 44.00 | NOTE | |||
r-oldrel-macos-x86_64 | 0.8.0 | 65.00 | NOTE | |||
r-oldrel-windows-ix86+x86_64 | 0.8.0 | 112.00 | 120.00 | 232.00 | NOTE |
Version: 0.8.0
Check: LazyData
Result: NOTE
'LazyData' is specified without a 'data' directory
Flavors: r-devel-linux-x86_64-debian-clang, r-devel-linux-x86_64-debian-gcc, r-devel-linux-x86_64-fedora-clang, r-devel-linux-x86_64-fedora-gcc, r-patched-linux-x86_64, r-release-linux-x86_64, r-release-macos-arm64, r-release-macos-x86_64, r-release-windows-x86_64, r-oldrel-macos-arm64, r-oldrel-macos-x86_64, r-oldrel-windows-ix86+x86_64