Last updated on 2024-05-08 05:56:24 CEST.
Flavor | Version | Tinstall | Tcheck | Ttotal | Status | Flags |
---|---|---|---|---|---|---|
r-devel-linux-x86_64-debian-clang | 0.1.0 | 5.20 | 66.60 | 71.80 | NOTE | |
r-devel-linux-x86_64-debian-gcc | 0.1.0 | 3.92 | 51.75 | 55.67 | NOTE | |
r-devel-linux-x86_64-fedora-clang | 0.1.0 | 93.63 | NOTE | |||
r-devel-linux-x86_64-fedora-gcc | 0.1.0 | 143.85 | NOTE | |||
r-devel-windows-x86_64 | 0.1.0 | 7.00 | 71.00 | 78.00 | NOTE | |
r-patched-linux-x86_64 | 0.1.0 | 9.40 | 65.79 | 75.19 | NOTE | |
r-release-linux-x86_64 | 0.1.0 | 4.22 | 64.31 | 68.53 | NOTE | |
r-release-macos-arm64 | 0.1.0 | 36.00 | NOTE | |||
r-release-windows-x86_64 | 0.1.0 | 6.00 | 71.00 | 77.00 | NOTE | |
r-oldrel-macos-arm64 | 0.1.0 | 42.00 | NOTE | |||
r-oldrel-macos-x86_64 | 0.1.0 | 54.00 | NOTE | |||
r-oldrel-windows-x86_64 | 0.1.0 | 7.00 | 78.00 | 85.00 | NOTE |
Version: 0.1.0
Check: LazyData
Result: NOTE
'LazyData' is specified without a 'data' directory
Flavors: r-devel-linux-x86_64-debian-clang, r-devel-linux-x86_64-debian-gcc, r-devel-linux-x86_64-fedora-clang, r-devel-linux-x86_64-fedora-gcc, r-devel-windows-x86_64, r-patched-linux-x86_64, r-release-linux-x86_64, r-release-macos-arm64, r-release-windows-x86_64, r-oldrel-macos-arm64, r-oldrel-macos-x86_64, r-oldrel-windows-x86_64