CRAN Package Check Results for Package MLML2R

Last updated on 2020-05-30 12:48:16 CEST.

Flavor Version Tinstall Tcheck Ttotal Status Flags
r-devel-linux-x86_64-debian-clang 0.3.3 2.43 26.51 28.94 OK
r-devel-linux-x86_64-debian-gcc 0.3.3 1.85 20.87 22.72 OK
r-devel-linux-x86_64-fedora-clang 0.3.3 45.35 OK
r-devel-linux-x86_64-fedora-gcc 0.3.3 37.60 OK
r-devel-windows-ix86+x86_64 0.3.3 7.00 55.00 62.00 OK
r-patched-linux-x86_64 0.3.3 2.42 26.53 28.95 OK
r-patched-solaris-x86 0.3.3 52.20 NOTE
r-release-linux-x86_64 0.3.3 2.17 26.45 28.62 OK
r-release-osx-x86_64 0.3.3 OK
r-release-windows-ix86+x86_64 0.3.3 6.00 56.00 62.00 OK
r-oldrel-osx-x86_64 0.3.3 NOTE
r-oldrel-windows-ix86+x86_64 0.3.3 8.00 44.00 52.00 OK

Check Details

Version: 0.3.3
Check: package dependencies
Result: NOTE
    Packages suggested but not available for checking:
     'minfi', 'IlluminaHumanMethylation450kmanifest'
Flavor: r-patched-solaris-x86

Version: 0.3.3
Check: package dependencies
Result: NOTE
    Package suggested but not available for checking: ‘IlluminaHumanMethylation450kmanifest’
Flavor: r-oldrel-osx-x86_64