Last updated on 2024-04-23 21:54:50 CEST.
Flavor | Version | Tinstall | Tcheck | Ttotal | Status | Flags |
---|---|---|---|---|---|---|
r-devel-linux-x86_64-debian-clang | 0.5.8 | 5.45 | 43.89 | 49.34 | NOTE | |
r-devel-linux-x86_64-debian-gcc | 0.5.8 | 5.46 | 32.20 | 37.66 | NOTE | |
r-devel-linux-x86_64-fedora-clang | 0.5.8 | 63.34 | NOTE | |||
r-devel-linux-x86_64-fedora-gcc | 0.5.8 | 59.30 | NOTE | |||
r-prerel-macos-arm64 | 0.5.8 | 22.00 | NOTE | |||
r-prerel-windows-x86_64 | 0.5.8 | 7.00 | 53.00 | 60.00 | NOTE | |
r-patched-linux-x86_64 | 0.5.8 | 7.20 | 40.94 | 48.14 | NOTE | |
r-release-linux-x86_64 | 0.5.8 | 4.82 | 42.60 | 47.42 | OK | |
r-release-macos-arm64 | 0.5.8 | 22.00 | OK | |||
r-release-macos-x86_64 | 0.5.8 | 30.00 | OK | |||
r-release-windows-x86_64 | 0.5.8 | 9.00 | 58.00 | 67.00 | OK | |
r-oldrel-macos-arm64 | 0.5.8 | 21.00 | OK | |||
r-oldrel-windows-x86_64 | 0.5.8 | 8.00 | 56.00 | 64.00 | OK |
Version: 0.5.8
Check: Rd files
Result: NOTE
checkRd: (-1) miive.Rd:120-239: Lost braces in \itemize; meant \describe ?
checkRd: (-1) miive.Rd:241-264: Lost braces in \itemize; meant \describe ?
checkRd: (-1) miive.Rd:266-277: Lost braces in \itemize; meant \describe ?
checkRd: (-1) miive.Rd:279-286: Lost braces in \itemize; meant \describe ?
checkRd: (-1) miive.Rd:288-293: Lost braces in \itemize; meant \describe ?
checkRd: (-1) miive.Rd:295-311: Lost braces in \itemize; meant \describe ?
checkRd: (-1) miive.Rd:313-337: Lost braces in \itemize; meant \describe ?
checkRd: (-1) miive.Rd:339-352: Lost braces in \itemize; meant \describe ?
checkRd: (-1) miive.Rd:353-370: Lost braces in \itemize; meant \describe ?
checkRd: (-1) miive.Rd:426: Lost braces
426 | \link{MIIVsem}{miivs}
| ^
checkRd: (-1) miivs.Rd:33-160: Lost braces in \itemize; meant \describe ?
Flavors: r-devel-linux-x86_64-debian-clang, r-devel-linux-x86_64-debian-gcc, r-devel-linux-x86_64-fedora-clang, r-devel-linux-x86_64-fedora-gcc, r-prerel-macos-arm64, r-prerel-windows-x86_64, r-patched-linux-x86_64