Last updated on 2024-03-28 06:52:54 CET.
Flavor | Version | Tinstall | Tcheck | Ttotal | Status | Flags |
---|---|---|---|---|---|---|
r-devel-linux-x86_64-debian-clang | 2.1.0 | 18.38 | 563.78 | 582.16 | NOTE | |
r-devel-linux-x86_64-debian-gcc | 2.1.0 | 11.79 | 392.60 | 404.39 | NOTE | |
r-devel-linux-x86_64-fedora-clang | 2.1.0 | 715.58 | NOTE | |||
r-devel-linux-x86_64-fedora-gcc | 2.1.0 | 688.17 | NOTE | |||
r-devel-windows-x86_64 | 2.1.0 | 15.00 | 329.00 | 344.00 | NOTE | |
r-patched-linux-x86_64 | 2.1.0 | 20.87 | 535.43 | 556.30 | OK | |
r-release-linux-x86_64 | 2.1.0 | 16.96 | 548.76 | 565.72 | OK | |
r-release-macos-arm64 | 2.1.0 | 192.00 | OK | |||
r-release-macos-x86_64 | 2.1.0 | 300.00 | OK | |||
r-release-windows-x86_64 | 2.1.0 | 15.00 | 443.00 | 458.00 | OK | |
r-oldrel-macos-arm64 | 2.1.0 | 144.00 | OK | |||
r-oldrel-windows-x86_64 | 2.1.0 | 23.00 | 429.00 | 452.00 | OK |
Version: 2.1.0
Check: Rd files
Result: NOTE
checkRd: (-1) summarize_stats_CSV.Rd:81: Lost braces; missing escapes or markup?
81 | {stage}\emph{Mean}(patchNum).csv and {stage}\emph{Quantile}(quantNum)_(patchNum).csv.
| ^
checkRd: (-1) summarize_stats_CSV.Rd:81: Lost braces; missing escapes or markup?
81 | {stage}\emph{Mean}(patchNum).csv and {stage}\emph{Quantile}(quantNum)_(patchNum).csv.
| ^
checkRd: (-1) summarize_stats_CSV_decoupled.Rd:84: Lost braces; missing escapes or markup?
84 | {stage}\emph{Mean}(patchNum).csv and {stage}\emph{Quantile}(quantNum)_(patchNum).csv.
| ^
checkRd: (-1) summarize_stats_CSV_decoupled.Rd:84: Lost braces; missing escapes or markup?
84 | {stage}\emph{Mean}(patchNum).csv and {stage}\emph{Quantile}(quantNum)_(patchNum).csv.
| ^
Flavors: r-devel-linux-x86_64-debian-clang, r-devel-linux-x86_64-debian-gcc, r-devel-linux-x86_64-fedora-clang, r-devel-linux-x86_64-fedora-gcc, r-devel-windows-x86_64