CRAN Package Check Results for Package MFSIS

Last updated on 2022-06-29 06:53:31 CEST.

Flavor Version Tinstall Tcheck Ttotal Status Flags
r-devel-linux-x86_64-debian-clang 0.1.3 9.82 106.52 116.34 OK
r-devel-linux-x86_64-debian-gcc 0.1.3 8.78 80.80 89.58 OK
r-devel-linux-x86_64-fedora-clang 0.1.3 158.98 NOTE
r-devel-linux-x86_64-fedora-gcc 0.1.3 157.74 NOTE
r-devel-windows-x86_64 0.1.3 19.00 134.00 153.00 OK
r-patched-linux-x86_64 0.1.3 11.08 102.18 113.26 OK
r-release-linux-x86_64 0.1.3 10.51 105.91 116.42 OK
r-release-macos-arm64 0.1.3 42.00 NOTE
r-release-macos-x86_64 0.1.3 57.00 NOTE
r-release-windows-x86_64 0.1.3 22.00 134.00 156.00 OK
r-oldrel-macos-arm64 0.1.3 38.00 NOTE
r-oldrel-macos-x86_64 0.1.3 58.00 NOTE
r-oldrel-windows-ix86+x86_64 0.1.3 22.00 123.00 145.00 OK

Check Details

Version: 0.1.3
Check: dependencies in R code
Result: NOTE
    Namespace in Imports field not imported from: ‘fs’
     All declared Imports should be used.
Flavors: r-devel-linux-x86_64-fedora-clang, r-devel-linux-x86_64-fedora-gcc, r-release-macos-arm64, r-release-macos-x86_64, r-oldrel-macos-arm64, r-oldrel-macos-x86_64