CRAN Package Check Results for Package MEGENA

Last updated on 2022-05-20 12:53:29 CEST.

Flavor Version Tinstall Tcheck Ttotal Status Flags
r-devel-linux-x86_64-debian-clang 1.3.7 42.71 227.56 270.27 NOTE
r-devel-linux-x86_64-debian-gcc 1.3.7 36.21 167.52 203.73 NOTE
r-devel-linux-x86_64-fedora-clang 1.3.7 328.25 NOTE
r-devel-windows-x86_64 1.3.7 47.00 282.00 329.00 OK
r-patched-linux-x86_64 1.3.7 29.24 216.11 245.35 NOTE
r-release-linux-x86_64 1.3.7 28.40 210.21 238.61 NOTE
r-release-macos-arm64 1.3.7 109.00 OK
r-release-macos-x86_64 1.3.7 175.00 OK
r-release-windows-x86_64 1.3.7 52.00 293.00 345.00 OK
r-oldrel-macos-arm64 1.3.7 169.00 OK
r-oldrel-macos-x86_64 1.3.7 217.00 OK
r-oldrel-windows-ix86+x86_64 1.3.7 104.00 340.00 444.00 OK

Check Details

Version: 1.3.7
Check: for non-standard things in the check directory
Result: NOTE
    Found the following files/directories:
     'Data_Correlation.txt' 'correlation_FDR_table.txt'
Flavors: r-devel-linux-x86_64-debian-clang, r-devel-linux-x86_64-debian-gcc, r-devel-linux-x86_64-fedora-clang, r-patched-linux-x86_64, r-release-linux-x86_64