Last updated on 2023-04-02 12:56:07 CEST.
Flavor | Version | Tinstall | Tcheck | Ttotal | Status | Flags |
---|---|---|---|---|---|---|
r-devel-linux-x86_64-debian-clang | 1.0.1 | 8.41 | 71.10 | 79.51 | OK | |
r-devel-linux-x86_64-debian-gcc | 1.0.1 | 5.40 | 53.00 | 58.40 | OK | |
r-devel-linux-x86_64-fedora-clang | 1.0.1 | 103.51 | NOTE | |||
r-devel-linux-x86_64-fedora-gcc | 1.0.1 | 112.45 | OK | |||
r-devel-windows-x86_64 | 1.0.1 | 13.00 | 111.00 | 124.00 | NOTE | |
r-patched-linux-x86_64 | 1.0.1 | 10.59 | 70.34 | 80.93 | OK | |
r-release-linux-x86_64 | 1.0.1 | 6.14 | 67.36 | 73.50 | OK | |
r-release-macos-arm64 | 1.0.1 | 36.00 | NOTE | |||
r-release-macos-x86_64 | 1.0.1 | 48.00 | NOTE | |||
r-release-windows-x86_64 | 1.0.1 | 39.00 | 113.00 | 152.00 | NOTE | |
r-oldrel-macos-arm64 | 1.0.1 | 40.00 | NOTE | |||
r-oldrel-macos-x86_64 | 1.0.1 | 66.00 | NOTE | |||
r-oldrel-windows-ix86+x86_64 | 1.0.1 | 13.00 | 94.00 | 107.00 | NOTE |
Version: 1.0.1
Check: installed package size
Result: NOTE
installed size is 7.6Mb
sub-directories of 1Mb or more:
doc 1.9Mb
extdata 5.3Mb
Flavors: r-devel-linux-x86_64-fedora-clang, r-devel-windows-x86_64, r-release-macos-arm64, r-release-macos-x86_64, r-release-windows-x86_64, r-oldrel-macos-arm64, r-oldrel-macos-x86_64, r-oldrel-windows-ix86+x86_64