Last updated on 2025-02-22 21:51:18 CET.
Flavor | Version | Tinstall | Tcheck | Ttotal | Status | Flags |
---|---|---|---|---|---|---|
r-devel-linux-x86_64-debian-clang | 4.0.3 | 7.67 | 58.38 | 66.05 | NOTE | |
r-devel-linux-x86_64-debian-gcc | 4.0.3 | 4.65 | 42.46 | 47.11 | NOTE | |
r-devel-linux-x86_64-fedora-clang | 4.0.3 | 103.76 | NOTE | |||
r-devel-linux-x86_64-fedora-gcc | 4.0.3 | 98.68 | NOTE | |||
r-devel-macos-arm64 | 4.0.3 | 33.00 | NOTE | |||
r-devel-macos-x86_64 | 4.0.3 | 67.00 | NOTE | |||
r-devel-windows-x86_64 | 4.0.3 | 7.00 | 74.00 | 81.00 | NOTE | |
r-patched-linux-x86_64 | 4.0.3 | 5.51 | 55.56 | 61.07 | NOTE | |
r-release-linux-x86_64 | 4.0.3 | 7.07 | 55.61 | 62.68 | NOTE | |
r-release-macos-arm64 | 4.0.3 | 32.00 | NOTE | |||
r-release-macos-x86_64 | 4.0.3 | 45.00 | NOTE | |||
r-release-windows-x86_64 | 4.0.3 | 8.00 | 74.00 | 82.00 | NOTE | |
r-oldrel-macos-arm64 | 4.0.3 | 49.00 | OK | |||
r-oldrel-macos-x86_64 | 4.0.3 | 55.00 | OK | |||
r-oldrel-windows-x86_64 | 4.0.3 | 7.00 | 80.00 | 87.00 | OK |
Version: 4.0.3
Check: Rd files
Result: NOTE
checkRd: (-1) mdp_example_forest.Rd:36: Lost braces; missing escapes or markup?
36 | Let {1, ... S} be the states of the forest. the Sth state being the oldest.
| ^
Flavors: r-devel-linux-x86_64-debian-clang, r-devel-linux-x86_64-debian-gcc, r-devel-linux-x86_64-fedora-clang, r-devel-linux-x86_64-fedora-gcc, r-devel-macos-arm64, r-devel-macos-x86_64, r-devel-windows-x86_64, r-patched-linux-x86_64, r-release-linux-x86_64, r-release-macos-arm64, r-release-macos-x86_64, r-release-windows-x86_64