CRAN Package Check Results for Package MCI2

Last updated on 2020-07-08 06:47:52 CEST.

Flavor Version Tinstall Tcheck Ttotal Status Flags
r-devel-linux-x86_64-debian-clang 1.1.2 6.53 69.93 76.46 OK
r-devel-linux-x86_64-debian-gcc 1.1.2 6.04 53.72 59.76 OK
r-devel-linux-x86_64-fedora-clang 1.1.2 101.24 NOTE
r-devel-linux-x86_64-fedora-gcc 1.1.2 91.32 NOTE
r-devel-windows-ix86+x86_64 1.1.2 19.00 79.00 98.00 OK
r-patched-linux-x86_64 1.1.2 7.00 67.32 74.32 OK
r-patched-solaris-x86 1.1.2 134.40 NOTE
r-release-linux-x86_64 1.1.2 7.26 67.21 74.47 OK
r-release-osx-x86_64 1.1.2 NOTE
r-release-windows-ix86+x86_64 1.1.2 29.00 116.00 145.00 OK
r-oldrel-osx-x86_64 1.1.2 NOTE
r-oldrel-windows-ix86+x86_64 1.1.2 39.00 575.00 614.00 OK

Check Details

Version: 1.1.2
Check: data for non-ASCII characters
Result: NOTE
     Note: found 28 marked UTF-8 strings
Flavors: r-devel-linux-x86_64-fedora-clang, r-devel-linux-x86_64-fedora-gcc, r-patched-solaris-x86, r-release-osx-x86_64, r-oldrel-osx-x86_64