CRAN Package Check Results for Package MCDA

Last updated on 2022-01-23 05:57:56 CET.

Flavor Version Tinstall Tcheck Ttotal Status Flags
r-devel-linux-x86_64-debian-clang 0.0.21 14.78 152.22 167.00 NOTE
r-devel-linux-x86_64-debian-gcc 0.0.21 13.71 124.21 137.92 NOTE
r-devel-linux-x86_64-fedora-clang 0.0.21 201.94 NOTE
r-devel-linux-x86_64-fedora-gcc 0.0.21 188.97 NOTE
r-devel-windows-x86_64-new-UL 0.0.21 327.00 165.00 492.00 NOTE
r-devel-windows-x86_64-new-TK 0.0.21 NOTE
r-patched-linux-x86_64 0.0.21 13.65 146.74 160.39 NOTE
r-release-linux-x86_64 0.0.21 12.19 146.01 158.20 NOTE
r-release-macos-arm64 0.0.21 NOTE
r-release-macos-x86_64 0.0.21 NOTE
r-release-windows-ix86+x86_64 0.0.21 24.00 230.00 254.00 NOTE
r-oldrel-macos-x86_64 0.0.21 NOTE
r-oldrel-windows-ix86+x86_64 0.0.21 25.00 235.00 260.00 NOTE

Check Details

Version: 0.0.21
Check: package dependencies
Result: NOTE
    Package suggested but not available for checking: 'cplexAPI'
Flavors: r-devel-linux-x86_64-debian-clang, r-devel-linux-x86_64-debian-gcc, r-devel-linux-x86_64-fedora-clang, r-devel-linux-x86_64-fedora-gcc, r-devel-windows-x86_64-new-UL, r-devel-windows-x86_64-new-TK, r-patched-linux-x86_64, r-release-linux-x86_64, r-release-macos-arm64, r-release-macos-x86_64, r-release-windows-ix86+x86_64, r-oldrel-macos-x86_64, r-oldrel-windows-ix86+x86_64