Last updated on 2024-04-19 11:56:51 CEST.
Flavor | Version | Tinstall | Tcheck | Ttotal | Status | Flags |
---|---|---|---|---|---|---|
r-devel-linux-x86_64-debian-clang | 2.6.1 | 7.56 | 70.23 | 77.79 | NOTE | |
r-devel-linux-x86_64-debian-gcc | 2.6.1 | NOTE | ||||
r-devel-linux-x86_64-fedora-clang | 2.6.1 | 99.30 | NOTE | |||
r-devel-linux-x86_64-fedora-gcc | 2.6.1 | 92.63 | NOTE | |||
r-prerel-macos-arm64 | 2.6.1 | 29.00 | NOTE | |||
r-prerel-windows-x86_64 | 2.6.1 | 8.00 | 69.00 | 77.00 | NOTE | |
r-patched-linux-x86_64 | 2.6.1 | 6.29 | 68.62 | 74.91 | NOTE | |
r-release-linux-x86_64 | 2.6.1 | 5.31 | 69.06 | 74.37 | OK | |
r-release-macos-arm64 | 2.6.1 | 28.00 | OK | |||
r-release-macos-x86_64 | 2.6.1 | 52.00 | OK | |||
r-release-windows-x86_64 | 2.6.1 | 10.00 | 81.00 | 91.00 | OK | |
r-oldrel-macos-arm64 | 2.6.1 | 32.00 | OK | |||
r-oldrel-windows-x86_64 | 2.6.1 | 11.00 | 90.00 | 101.00 | OK |
Version: 2.6.1
Check: Rd files
Result: NOTE
checkRd: (-1) satisfaction.Rd:28: Lost braces
28 | Della Valle E (2010) Della Valle E 2010 Analisi Multidimensionale dei Dati: la Qualit\'{a} del Lavoro nelle Cooperative Sociali.
| ^
checkRd: (-1) satisfaction.Rd:29: Lost braces
29 | Unpublished thesis, Seconda Universit\'{a} degli Studi di Napoli, Capua Italy.
| ^
Flavors: r-devel-linux-x86_64-debian-clang, r-devel-linux-x86_64-debian-gcc, r-devel-linux-x86_64-fedora-clang, r-devel-linux-x86_64-fedora-gcc, r-prerel-macos-arm64, r-prerel-windows-x86_64, r-patched-linux-x86_64