CRAN Package Check Results for Package MBCbook

Last updated on 2023-03-27 12:54:26 CEST.

Flavor Version Tinstall Tcheck Ttotal Status Flags
r-devel-linux-x86_64-debian-clang 0.1.1 4.83 57.56 62.39 OK
r-devel-linux-x86_64-debian-gcc 0.1.1 3.46 43.49 46.95 OK
r-devel-linux-x86_64-fedora-clang 0.1.1 78.43 NOTE
r-devel-linux-x86_64-fedora-gcc 0.1.1 75.19 NOTE
r-devel-windows-x86_64 0.1.1 22.00 93.00 115.00 OK
r-patched-linux-x86_64 0.1.1 5.07 54.79 59.86 OK
r-release-linux-x86_64 0.1.1 3.93 55.40 59.33 OK
r-release-macos-arm64 0.1.1 27.00 NOTE
r-release-macos-x86_64 0.1.1 37.00 NOTE
r-release-windows-x86_64 0.1.1 20.00 99.00 119.00 OK
r-oldrel-macos-arm64 0.1.1 30.00 NOTE
r-oldrel-macos-x86_64 0.1.1 50.00 NOTE
r-oldrel-windows-ix86+x86_64 0.1.1 10.00 90.00 100.00 OK

Check Details

Version: 0.1.1
Check: data for non-ASCII characters
Result: NOTE
     Note: found 66 marked UTF-8 strings
Flavors: r-devel-linux-x86_64-fedora-clang, r-devel-linux-x86_64-fedora-gcc, r-release-macos-arm64, r-release-macos-x86_64, r-oldrel-macos-arm64, r-oldrel-macos-x86_64