Last updated on 2025-02-01 12:48:30 CET.
Flavor | Version | Tinstall | Tcheck | Ttotal | Status | Flags |
---|---|---|---|---|---|---|
r-devel-linux-x86_64-debian-clang | 0.0.4 | 3.61 | 19.33 | 22.94 | NOTE | |
r-devel-linux-x86_64-debian-gcc | 0.0.4 | 3.02 | 15.34 | 18.36 | NOTE | |
r-devel-linux-x86_64-fedora-clang | 0.0.5 | 35.95 | OK | |||
r-devel-linux-x86_64-fedora-gcc | 0.0.5 | 27.29 | OK | |||
r-devel-windows-x86_64 | 0.0.4 | 7.00 | 45.00 | 52.00 | NOTE | |
r-patched-linux-x86_64 | 0.0.4 | 3.47 | 18.57 | 22.04 | OK | |
r-release-linux-x86_64 | 0.0.4 | 3.17 | 18.63 | 21.80 | OK | |
r-release-macos-arm64 | 0.0.5 | 27.00 | OK | |||
r-release-macos-x86_64 | 0.0.5 | 36.00 | OK | |||
r-release-windows-x86_64 | 0.0.4 | 7.00 | 44.00 | 51.00 | OK | |
r-oldrel-macos-arm64 | 0.0.4 | 22.00 | OK | |||
r-oldrel-macos-x86_64 | 0.0.4 | 39.00 | OK | |||
r-oldrel-windows-x86_64 | 0.0.4 | 10.00 | 45.00 | 55.00 | OK |
Version: 0.0.4
Check: DESCRIPTION meta-information
Result: NOTE
Missing dependency on R >= 4.1.0 because package code uses the pipe
|> or function shorthand \(...) syntax added in R 4.1.0.
File(s) using such syntax:
‘mom.R’
Flavors: r-devel-linux-x86_64-debian-clang, r-devel-linux-x86_64-debian-gcc, r-devel-windows-x86_64