CRAN Package Check Results for Package MB

Last updated on 2025-05-20 21:50:16 CEST.

Flavor Version Tinstall Tcheck Ttotal Status Flags
r-devel-linux-x86_64-debian-clang 0.1.1 1.68 20.53 22.21 OK
r-devel-linux-x86_64-debian-gcc 0.1.1 1.53 16.95 18.48 OK
r-devel-linux-x86_64-fedora-clang 0.1.1 36.32 NOTE
r-devel-linux-x86_64-fedora-gcc 0.1.1 48.75 NOTE
r-devel-windows-x86_64 0.1.1 3.00 41.00 44.00 OK
r-patched-linux-x86_64 0.1.1 1.92 19.94 21.86 OK
r-release-linux-x86_64 0.1.1 1.85 19.97 21.82 OK
r-release-macos-arm64 0.1.1 29.00 OK
r-release-macos-x86_64 0.1.1 47.00 OK
r-release-windows-x86_64 0.1.1 3.00 43.00 46.00 OK
r-oldrel-macos-arm64 0.1.1 20.00 OK
r-oldrel-macos-x86_64 0.1.1 47.00 OK
r-oldrel-windows-x86_64 0.1.1 4.00 45.00 49.00 OK

Check Details

Version: 0.1.1
Check: dependencies in R code
Result: NOTE Namespace in Imports field not imported from: ‘tibble’ All declared Imports should be used. Flavors: r-devel-linux-x86_64-fedora-clang, r-devel-linux-x86_64-fedora-gcc