Last updated on 2024-03-29 12:54:10 CET.
Flavor | Version | Tinstall | Tcheck | Ttotal | Status | Flags |
---|---|---|---|---|---|---|
r-devel-linux-x86_64-debian-clang | 3.11.9 | 24.76 | 318.36 | 343.12 | NOTE | |
r-devel-linux-x86_64-debian-gcc | 3.11.9 | 16.83 | 225.82 | 242.65 | NOTE | |
r-devel-linux-x86_64-fedora-clang | 3.11.9 | 424.90 | NOTE | |||
r-devel-linux-x86_64-fedora-gcc | 3.11.9 | 407.97 | NOTE | |||
r-devel-windows-x86_64 | 3.11.9 | 20.00 | 283.00 | 303.00 | NOTE | |
r-patched-linux-x86_64 | 3.11.9 | 30.54 | 310.36 | 340.90 | NOTE | |
r-release-linux-x86_64 | 3.11.9 | 26.05 | 306.69 | 332.74 | NOTE | |
r-release-macos-arm64 | 3.11.9 | 120.00 | NOTE | |||
r-release-macos-x86_64 | 3.11.9 | 311.00 | NOTE | |||
r-release-windows-x86_64 | 3.11.9 | 22.00 | 341.00 | 363.00 | NOTE | |
r-oldrel-macos-arm64 | 3.11.9 | 121.00 | NOTE | |||
r-oldrel-windows-x86_64 | 3.11.9 | 29.00 | 338.00 | 367.00 | NOTE |
Version: 3.11.9
Check: package dependencies
Result: NOTE
Package suggested but not available for checking: ‘marssTMB’
Flavors: r-devel-linux-x86_64-debian-clang, r-devel-linux-x86_64-debian-gcc, r-devel-linux-x86_64-fedora-clang, r-devel-linux-x86_64-fedora-gcc, r-devel-windows-x86_64, r-patched-linux-x86_64, r-release-linux-x86_64, r-release-macos-arm64, r-release-macos-x86_64, r-release-windows-x86_64, r-oldrel-macos-arm64, r-oldrel-windows-x86_64