Last updated on 2024-04-18 06:09:51 CEST.
Flavor | Version | Tinstall | Tcheck | Ttotal | Status | Flags |
---|---|---|---|---|---|---|
r-devel-linux-x86_64-debian-clang | 0.1.3 | 9.04 | 79.09 | 88.13 | NOTE | |
r-devel-linux-x86_64-debian-gcc | 0.1.3 | 7.77 | 59.38 | 67.15 | NOTE | |
r-devel-linux-x86_64-fedora-clang | 0.1.3 | 109.69 | NOTE | |||
r-devel-linux-x86_64-fedora-gcc | 0.1.3 | 104.93 | NOTE | |||
r-prerel-macos-arm64 | 0.1.3 | 34.00 | NOTE | |||
r-prerel-windows-x86_64 | 0.1.3 | 8.00 | 70.00 | 78.00 | NOTE | |
r-patched-linux-x86_64 | 0.1.3 | 6.24 | 77.33 | 83.57 | NOTE | |
r-release-linux-x86_64 | 0.1.3 | 10.46 | 77.61 | 88.07 | NOTE | |
r-release-macos-arm64 | 0.1.3 | 36.00 | NOTE | |||
r-release-macos-x86_64 | 0.1.3 | 58.00 | NOTE | |||
r-release-windows-x86_64 | 0.1.3 | 10.00 | 86.00 | 96.00 | NOTE | |
r-oldrel-macos-arm64 | 0.1.3 | 36.00 | NOTE | |||
r-oldrel-windows-x86_64 | 0.1.3 | 11.00 | 88.00 | 99.00 | NOTE |
Version: 0.1.3
Check: LazyData
Result: NOTE
'LazyData' is specified without a 'data' directory
Flavors: r-devel-linux-x86_64-debian-clang, r-devel-linux-x86_64-debian-gcc, r-devel-linux-x86_64-fedora-clang, r-devel-linux-x86_64-fedora-gcc, r-prerel-macos-arm64, r-prerel-windows-x86_64, r-patched-linux-x86_64, r-release-linux-x86_64, r-release-macos-arm64, r-release-macos-x86_64, r-release-windows-x86_64, r-oldrel-macos-arm64, r-oldrel-windows-x86_64