Last updated on 2025-02-22 21:51:16 CET.
Flavor | Version | Tinstall | Tcheck | Ttotal | Status | Flags |
---|---|---|---|---|---|---|
r-devel-linux-x86_64-debian-clang | 1.0.0 | 119.97 | 96.27 | 216.24 | OK | |
r-devel-linux-x86_64-debian-gcc | 1.0.0 | 80.83 | 74.80 | 155.63 | OK | |
r-devel-linux-x86_64-fedora-clang | 1.0.0 | 394.30 | OK | |||
r-devel-linux-x86_64-fedora-gcc | 1.0.0 | 383.38 | OK | |||
r-devel-macos-arm64 | 1.0.0 | 82.00 | OK | |||
r-devel-macos-x86_64 | 1.0.0 | 154.00 | OK | |||
r-devel-windows-x86_64 | 1.0.0 | 118.00 | 130.00 | 248.00 | OK | |
r-patched-linux-x86_64 | 1.0.0 | 112.61 | 101.03 | 213.64 | OK | |
r-release-linux-x86_64 | 1.0.0 | 117.03 | 99.16 | 216.19 | OK | |
r-release-macos-arm64 | 1.0.0 | 94.00 | NOTE | |||
r-release-macos-x86_64 | 1.0.0 | 175.00 | NOTE | |||
r-release-windows-x86_64 | 1.0.0 | 119.00 | 126.00 | 245.00 | OK | |
r-oldrel-macos-arm64 | 1.0.0 | 101.00 | NOTE | |||
r-oldrel-macos-x86_64 | 1.0.0 | 156.00 | NOTE | |||
r-oldrel-windows-x86_64 | 1.0.0 | 142.00 | 165.00 | 307.00 | OK |
Version: 1.0.0
Check: installed package size
Result: NOTE
installed size is 7.4Mb
sub-directories of 1Mb or more:
libs 7.2Mb
Flavors: r-release-macos-arm64, r-release-macos-x86_64, r-oldrel-macos-arm64, r-oldrel-macos-x86_64