Last updated on 2024-03-29 00:50:52 CET.
Flavor | Version | Tinstall | Tcheck | Ttotal | Status | Flags |
---|---|---|---|---|---|---|
r-devel-linux-x86_64-debian-clang | 0.1.1 | 14.53 | 185.13 | 199.66 | NOTE | |
r-devel-linux-x86_64-debian-gcc | 0.1.1 | 12.50 | 135.74 | 148.24 | NOTE | |
r-devel-linux-x86_64-fedora-clang | 0.1.1 | 259.18 | NOTE | |||
r-devel-linux-x86_64-fedora-gcc | 0.1.1 | 278.02 | NOTE | |||
r-devel-windows-x86_64 | 0.1.1 | 12.00 | 138.00 | 150.00 | NOTE | |
r-patched-linux-x86_64 | 0.1.1 | 16.28 | 173.72 | 190.00 | NOTE | |
r-release-linux-x86_64 | 0.1.1 | 10.78 | 181.18 | 191.96 | NOTE | |
r-release-macos-arm64 | 0.1.1 | 70.00 | NOTE | |||
r-release-macos-x86_64 | 0.1.1 | 133.00 | NOTE | |||
r-release-windows-x86_64 | 0.1.1 | 15.00 | 181.00 | 196.00 | NOTE | |
r-oldrel-macos-arm64 | 0.1.1 | 63.00 | NOTE | |||
r-oldrel-windows-x86_64 | 0.1.1 | 18.00 | 181.00 | 199.00 | NOTE |
Version: 0.1.1
Check: LazyData
Result: NOTE
'LazyData' is specified without a 'data' directory
Flavors: r-devel-linux-x86_64-debian-clang, r-devel-linux-x86_64-debian-gcc, r-devel-linux-x86_64-fedora-clang, r-devel-linux-x86_64-fedora-gcc, r-devel-windows-x86_64, r-patched-linux-x86_64, r-release-linux-x86_64, r-release-macos-arm64, r-release-macos-x86_64, r-release-windows-x86_64, r-oldrel-macos-arm64, r-oldrel-windows-x86_64