CRAN Package Check Results for Package LongituRF

Last updated on 2022-05-20 12:53:28 CEST.

Flavor Version Tinstall Tcheck Ttotal Status Flags
r-devel-linux-x86_64-debian-clang 0.9 6.20 54.02 60.22 NOTE
r-devel-linux-x86_64-debian-gcc 0.9 4.52 40.57 45.09 NOTE
r-devel-linux-x86_64-fedora-clang 0.9 70.64 NOTE
r-devel-windows-x86_64 0.9 30.00 67.00 97.00 NOTE
r-patched-linux-x86_64 0.9 6.60 52.42 59.02 NOTE
r-release-linux-x86_64 0.9 6.18 50.95 57.13 NOTE
r-release-macos-arm64 0.9 22.00 NOTE
r-release-macos-x86_64 0.9 29.00 NOTE
r-release-windows-x86_64 0.9 24.00 69.00 93.00 NOTE
r-oldrel-macos-arm64 0.9 30.00 NOTE
r-oldrel-macos-x86_64 0.9 39.00 NOTE
r-oldrel-windows-ix86+x86_64 0.9 11.00 62.00 73.00 NOTE

Check Details

Version: 0.9
Check: LazyData
Result: NOTE
     'LazyData' is specified without a 'data' directory
Flavors: r-devel-linux-x86_64-debian-clang, r-devel-linux-x86_64-debian-gcc, r-devel-linux-x86_64-fedora-clang, r-devel-windows-x86_64, r-patched-linux-x86_64, r-release-linux-x86_64, r-release-macos-arm64, r-release-macos-x86_64, r-release-windows-x86_64, r-oldrel-macos-arm64, r-oldrel-macos-x86_64, r-oldrel-windows-ix86+x86_64