Last updated on 2023-03-28 21:54:01 CEST.
Flavor | Version | Tinstall | Tcheck | Ttotal | Status | Flags |
---|---|---|---|---|---|---|
r-devel-linux-x86_64-debian-clang | 1.1.3 | 37.79 | 79.26 | 117.05 | NOTE | |
r-devel-linux-x86_64-debian-gcc | 1.1.3 | 28.29 | 59.20 | 87.49 | NOTE | |
r-devel-linux-x86_64-fedora-clang | 1.1.3 | 167.63 | NOTE | |||
r-devel-linux-x86_64-fedora-gcc | 1.1.3 | 167.84 | NOTE | |||
r-patched-linux-x86_64 | 1.1.3 | 32.37 | 75.96 | 108.33 | NOTE | |
r-release-linux-x86_64 | 1.1.3 | 31.21 | 77.13 | 108.34 | OK | |
r-release-macos-arm64 | 1.1.3 | 57.00 | OK | |||
r-release-macos-x86_64 | 1.1.3 | 65.00 | OK | |||
r-release-windows-x86_64 | 1.1.3 | 87.00 | 146.00 | 233.00 | OK | |
r-oldrel-macos-arm64 | 1.1.3 | 54.00 | OK | |||
r-oldrel-macos-x86_64 | 1.1.3 | 64.00 | OK | |||
r-oldrel-windows-ix86+x86_64 | 1.1.3 | 82.00 | 136.00 | 218.00 | OK |
Version: 1.1.3
Check: C++ specification
Result: NOTE
Specified C++11: please drop specification unless essential
Flavors: r-devel-linux-x86_64-debian-clang, r-devel-linux-x86_64-debian-gcc, r-devel-linux-x86_64-fedora-clang, r-devel-linux-x86_64-fedora-gcc, r-patched-linux-x86_64
Version: 1.1.3
Check: Rd files
Result: NOTE
checkRd: (-1) SPSloess.Rd:71: Escaped LaTeX specials: \^ \^
Flavors: r-devel-linux-x86_64-debian-clang, r-devel-linux-x86_64-debian-gcc, r-devel-linux-x86_64-fedora-clang, r-devel-linux-x86_64-fedora-gcc, r-patched-linux-x86_64