CRAN Package Check Results for Package LoBrA

Last updated on 2023-11-30 12:49:26 CET.

Flavor Version Tinstall Tcheck Ttotal Status Flags
r-devel-linux-x86_64-debian-clang 1.0 2.84 69.47 72.31 OK
r-devel-linux-x86_64-debian-gcc 1.0 2.60 53.28 55.88 OK
r-devel-linux-x86_64-fedora-clang 1.0 90.15 NOTE
r-devel-linux-x86_64-fedora-gcc 1.0 100.65 NOTE
r-devel-windows-x86_64 1.0 4.00 77.00 81.00 OK
r-patched-linux-x86_64 1.0 2.99 66.48 69.47 OK
r-release-linux-x86_64 1.0 3.16 66.31 69.47 OK
r-release-macos-arm64 1.0 38.00 OK
r-release-macos-x86_64 1.0 57.00 OK
r-release-windows-x86_64 1.0 5.00 87.00 92.00 OK
r-oldrel-macos-arm64 1.0 34.00 OK
r-oldrel-macos-x86_64 1.0 43.00 NOTE
r-oldrel-windows-x86_64 1.0 5.00 90.00 95.00 OK

Check Details

Version: 1.0
Check: dependencies in R code
Result: NOTE Namespaces in Imports field not imported from: ‘RColorBrewer’ ‘base’ ‘qpdf’ All declared Imports should be used. Flavors: r-devel-linux-x86_64-fedora-clang, r-devel-linux-x86_64-fedora-gcc, r-oldrel-macos-x86_64