Last updated on 2024-05-21 11:53:38 CEST.
Flavor | Version | Tinstall | Tcheck | Ttotal | Status | Flags |
---|---|---|---|---|---|---|
r-devel-linux-x86_64-debian-clang | 1.0.1 | 10.10 | 115.76 | 125.86 | OK | |
r-devel-linux-x86_64-debian-gcc | 1.0.1 | 7.61 | 83.58 | 91.19 | OK | |
r-devel-linux-x86_64-fedora-clang | 1.0.1 | 158.15 | NOTE | |||
r-devel-linux-x86_64-fedora-gcc | 1.0.1 | 164.11 | NOTE | |||
r-devel-windows-x86_64 | 1.0.1 | 9.00 | 95.00 | 104.00 | OK | |
r-patched-linux-x86_64 | 1.0.1 | 6.74 | 108.10 | 114.84 | OK | |
r-release-linux-x86_64 | 1.0.1 | 6.77 | 110.25 | 117.02 | OK | |
r-release-macos-arm64 | 1.0.1 | 50.00 | OK | |||
r-release-macos-x86_64 | 1.0.1 | 103.00 | OK | |||
r-release-windows-x86_64 | 1.0.1 | 10.00 | 96.00 | 106.00 | OK | |
r-oldrel-macos-arm64 | 1.0.1 | 48.00 | OK | |||
r-oldrel-macos-x86_64 | 1.0.1 | 100.00 | OK | |||
r-oldrel-windows-x86_64 | 1.0.1 | 12.00 | 110.00 | 122.00 | OK |
Version: 1.0.1
Check: dependencies in R code
Result: NOTE
Namespaces in Imports field not imported from:
‘itertools’ ‘knitr’ ‘utils’
All declared Imports should be used.
Flavors: r-devel-linux-x86_64-fedora-clang, r-devel-linux-x86_64-fedora-gcc