Last updated on 2023-11-28 12:51:37 CET.
Flavor | Version | Tinstall | Tcheck | Ttotal | Status | Flags |
---|---|---|---|---|---|---|
r-devel-linux-x86_64-debian-clang | 2.1.2 | 4.01 | 80.29 | 84.30 | OK | |
r-devel-linux-x86_64-debian-gcc | 2.1.2 | 3.36 | 56.19 | 59.55 | OK | |
r-devel-linux-x86_64-fedora-clang | 2.1.2 | 105.21 | OK | |||
r-devel-linux-x86_64-fedora-gcc | 2.1.2 | 116.80 | OK | |||
r-devel-windows-x86_64 | 2.1.2 | 5.00 | 101.00 | 106.00 | OK | |
r-patched-linux-x86_64 | 2.1.2 | 3.88 | 78.12 | 82.00 | OK | |
r-release-linux-x86_64 | 2.1.2 | 4.31 | 78.02 | 82.33 | OK | |
r-release-macos-arm64 | 2.1.2 | 44.00 | OK | |||
r-release-macos-x86_64 | 2.1.2 | 72.00 | OK | |||
r-release-windows-x86_64 | 2.1.2 | 7.00 | 103.00 | 110.00 | OK | |
r-oldrel-macos-arm64 | 2.1.2 | 38.00 | OK | |||
r-oldrel-macos-x86_64 | 2.1.2 | 57.00 | NOTE | |||
r-oldrel-windows-x86_64 | 2.1.2 | 7.00 | 101.00 | 108.00 | OK |
Version: 2.1.2
Check: dependencies in R code
Result: NOTE
Namespace in Imports field not imported from: ‘RColorBrewer’
All declared Imports should be used.
Flavor: r-oldrel-macos-x86_64