CRAN Package Check Results for Package LifeHist

Last updated on 2025-04-30 06:51:21 CEST.

Flavor Version Tinstall Tcheck Ttotal Status Flags
r-devel-linux-x86_64-debian-clang 1.0-1 25.09 110.71 135.80 NOTE
r-devel-linux-x86_64-debian-gcc 1.0-1 15.89 71.58 87.47 NOTE
r-devel-linux-x86_64-fedora-clang 1.0-1 205.84 OK
r-devel-linux-x86_64-fedora-gcc 1.0-1 195.81 OK
r-devel-windows-x86_64 1.0-1 24.00 107.00 131.00 OK
r-patched-linux-x86_64 1.0-1 22.69 103.01 125.70 OK
r-release-linux-x86_64 1.0-1 24.67 101.25 125.92 OK
r-release-macos-arm64 1.0-1 52.00 OK
r-release-macos-x86_64 1.0-1 91.00 OK
r-release-windows-x86_64 1.0-1 23.00 106.00 129.00 OK
r-oldrel-macos-arm64 1.0-1 47.00 OK
r-oldrel-macos-x86_64 1.0-1 74.00 OK
r-oldrel-windows-x86_64 1.0-1 31.00 135.00 166.00 OK

Check Details

Version: 1.0-1
Check: CRAN incoming feasibility
Result: NOTE Maintainer: ‘Ruben H. Roa-Ureta <ruben.roa.ureta@mail.com>’ No Authors@R field in DESCRIPTION. Please add one, modifying Authors@R: person(given = c("Ruben", "H."), family = "Roa-Ureta", role = c("aut", "cre"), email = "ruben.roa.ureta@mail.com") as necessary. Flavors: r-devel-linux-x86_64-debian-clang, r-devel-linux-x86_64-debian-gcc