Last updated on 2023-03-31 21:53:06 CEST.
Flavor | Version | Tinstall | Tcheck | Ttotal | Status | Flags |
---|---|---|---|---|---|---|
r-devel-linux-x86_64-debian-clang | 1.7 | 5.53 | 35.85 | 41.38 | NOTE | |
r-devel-linux-x86_64-debian-gcc | 1.7 | 4.08 | 27.50 | 31.58 | NOTE | |
r-devel-linux-x86_64-fedora-clang | 1.7 | 54.98 | NOTE | |||
r-devel-linux-x86_64-fedora-gcc | 1.7 | 54.14 | NOTE | |||
r-devel-windows-x86_64 | 1.7 | 26.00 | 0.00 | 26.00 | NOTE | |
r-patched-linux-x86_64 | 1.7 | 5.94 | 33.80 | 39.74 | NOTE | |
r-release-linux-x86_64 | 1.7 | 5.96 | 34.32 | 40.28 | OK | |
r-release-macos-arm64 | 1.7 | 20.00 | OK | |||
r-release-macos-x86_64 | 1.7 | 30.00 | OK | |||
r-release-windows-x86_64 | 1.7 | 23.00 | 76.00 | 99.00 | OK | |
r-oldrel-macos-arm64 | 1.7 | 17.00 | OK | |||
r-oldrel-macos-x86_64 | 1.7 | 30.00 | OK | |||
r-oldrel-windows-ix86+x86_64 | 1.7 | 19.00 | 78.00 | 97.00 | OK |
Version: 1.7
Check: Rd files
Result: NOTE
checkRd: (-1) predict.lb.Rd:16: Escaped LaTeX specials: \$
Flavors: r-devel-linux-x86_64-debian-clang, r-devel-linux-x86_64-debian-gcc, r-devel-linux-x86_64-fedora-clang, r-devel-linux-x86_64-fedora-gcc, r-devel-windows-x86_64, r-patched-linux-x86_64