Last updated on 2023-12-09 12:49:25 CET.
Flavor | Version | Tinstall | Tcheck | Ttotal | Status | Flags |
---|---|---|---|---|---|---|
r-devel-linux-x86_64-debian-clang | 1.0.0 | 4.91 | 33.96 | 38.87 | NOTE | |
r-devel-linux-x86_64-debian-gcc | 1.0.0 | 4.68 | 25.90 | 30.58 | NOTE | |
r-devel-linux-x86_64-fedora-clang | 1.0.0 | 49.21 | NOTE | |||
r-devel-linux-x86_64-fedora-gcc | 1.0.0 | 45.19 | NOTE | |||
r-devel-windows-x86_64 | 1.0.0 | 6.00 | 47.00 | 53.00 | NOTE | |
r-patched-linux-x86_64 | 1.0.0 | 4.58 | 33.96 | 38.54 | NOTE | |
r-release-linux-x86_64 | 1.0.0 | 4.16 | 32.96 | 37.12 | NOTE | |
r-release-macos-arm64 | 1.0.0 | 22.00 | NOTE | |||
r-release-macos-x86_64 | 1.0.0 | 27.00 | NOTE | |||
r-release-windows-x86_64 | 1.0.0 | 7.00 | 49.00 | 56.00 | NOTE | |
r-oldrel-macos-arm64 | 1.0.0 | 18.00 | NOTE | |||
r-oldrel-macos-x86_64 | 1.0.0 | 30.00 | NOTE | |||
r-oldrel-windows-x86_64 | 1.0.0 | 7.00 | 52.00 | 59.00 | NOTE |
Version: 1.0.0
Check: LazyData
Result: NOTE
'LazyData' is specified without a 'data' directory
Flavors: r-devel-linux-x86_64-debian-clang, r-devel-linux-x86_64-debian-gcc, r-devel-linux-x86_64-fedora-clang, r-devel-linux-x86_64-fedora-gcc, r-devel-windows-x86_64, r-patched-linux-x86_64, r-release-linux-x86_64, r-release-macos-arm64, r-release-macos-x86_64, r-release-windows-x86_64, r-oldrel-macos-arm64, r-oldrel-macos-x86_64, r-oldrel-windows-x86_64