Last updated on 2024-04-19 11:56:50 CEST.
Flavor | Version | Tinstall | Tcheck | Ttotal | Status | Flags |
---|---|---|---|---|---|---|
r-devel-linux-x86_64-debian-clang | 0.8.3 | 22.88 | 34.65 | 57.53 | OK | |
r-devel-linux-x86_64-debian-gcc | 0.8.3 | OK | ||||
r-devel-linux-x86_64-fedora-clang | 0.8.3 | 75.62 | NOTE | |||
r-devel-linux-x86_64-fedora-gcc | 0.8.3 | 72.86 | NOTE | |||
r-prerel-macos-arm64 | 0.8.3 | 24.00 | OK | |||
r-prerel-windows-x86_64 | 0.8.3 | 17.00 | 65.00 | 82.00 | OK | |
r-patched-linux-x86_64 | 0.8.3 | 21.35 | 31.88 | 53.23 | OK | |
r-release-linux-x86_64 | 0.8.3 | 18.23 | 32.27 | 50.50 | OK | |
r-release-macos-arm64 | 0.8.3 | 27.00 | OK | |||
r-release-macos-x86_64 | 0.8.3 | 39.00 | OK | |||
r-release-windows-x86_64 | 0.8.3 | 20.00 | 71.00 | 91.00 | OK | |
r-oldrel-macos-arm64 | 0.8.3 | 25.00 | OK | |||
r-oldrel-windows-x86_64 | 0.8.3 | 21.00 | 73.00 | 94.00 | OK |
Version: 0.8.3
Check: Rd cross-references
Result: NOTE
Undeclared package ‘glmnet’ in Rd xrefs
Flavor: r-devel-linux-x86_64-fedora-clang
Version: 0.8.3
Check: compiled code
Result: NOTE
File ‘LassoNet/libs/LassoNet.so’:
Found no calls to: ‘R_registerRoutines’, ‘R_useDynamicSymbols’
It is good practice to register native routines and to disable symbol
search.
See ‘Writing portable packages’ in the ‘Writing R Extensions’ manual.
Flavors: r-devel-linux-x86_64-fedora-clang, r-devel-linux-x86_64-fedora-gcc