CRAN Package Check Results for Package LabRS

Last updated on 2022-08-17 12:55:17 CEST.

Flavor Version Tinstall Tcheck Ttotal Status Flags
r-devel-linux-x86_64-debian-clang 0.1.0 2.47 26.40 28.87 NOTE
r-devel-linux-x86_64-debian-gcc 0.1.0 NOTE
r-devel-linux-x86_64-fedora-clang 0.1.0 43.81 NOTE
r-devel-linux-x86_64-fedora-gcc 0.1.0 44.14 NOTE
r-devel-windows-x86_64 0.1.0 13.00 53.00 66.00 OK
r-patched-linux-x86_64 0.1.0 2.74 25.77 28.51 NOTE
r-release-linux-x86_64 0.1.0 2.56 26.10 28.66 NOTE
r-release-macos-arm64 0.1.0 18.00 OK
r-release-macos-x86_64 0.1.0 23.00 OK
r-release-windows-x86_64 0.1.0 18.00 52.00 70.00 OK
r-oldrel-macos-arm64 0.1.0 20.00 OK
r-oldrel-macos-x86_64 0.1.0 31.00 OK
r-oldrel-windows-ix86+x86_64 0.1.0 5.00 52.00 57.00 OK

Check Details

Version: 0.1.0
Check: for non-standard things in the check directory
Result: NOTE
    Found the following files/directories:
     'MYSLID.csv' 'tabelle.csv'
Flavors: r-devel-linux-x86_64-debian-clang, r-devel-linux-x86_64-debian-gcc, r-devel-linux-x86_64-fedora-clang, r-devel-linux-x86_64-fedora-gcc, r-patched-linux-x86_64, r-release-linux-x86_64

Version: 0.1.0
Check: Rd cross-references
Result: NOTE
    Undeclared packages ‘carData’, ‘factoextra’, ‘labstatR’ in Rd xrefs
Flavor: r-devel-linux-x86_64-fedora-clang