CRAN Package Check Results for Package LabRS

Last updated on 2023-02-06 06:52:00 CET.

Flavor Version Tinstall Tcheck Ttotal Status Flags
r-devel-linux-x86_64-debian-clang 0.1.0 2.80 25.71 28.51 NOTE
r-devel-linux-x86_64-debian-gcc 0.1.0 1.99 20.14 22.13 NOTE
r-devel-linux-x86_64-fedora-clang 0.1.0 35.17 NOTE
r-devel-linux-x86_64-fedora-gcc 0.1.0 34.66 NOTE
r-devel-windows-x86_64 0.1.0 18.00 62.00 80.00 OK
r-patched-linux-x86_64 0.1.0 2.75 25.88 28.63 NOTE
r-release-linux-x86_64 0.1.0 2.33 25.49 27.82 NOTE
r-release-macos-arm64 0.1.0 18.00 OK
r-release-macos-x86_64 0.1.0 23.00 OK
r-release-windows-x86_64 0.1.0 14.00 60.00 74.00 OK
r-oldrel-macos-arm64 0.1.0 20.00 OK
r-oldrel-macos-x86_64 0.1.0 31.00 OK
r-oldrel-windows-ix86+x86_64 0.1.0 6.00 52.00 58.00 OK

Check Details

Version: 0.1.0
Check: for non-standard things in the check directory
Result: NOTE
    Found the following files/directories:
     ‘MYSLID.csv’ ‘tabelle.csv’
Flavors: r-devel-linux-x86_64-debian-clang, r-devel-linux-x86_64-debian-gcc, r-devel-linux-x86_64-fedora-clang, r-devel-linux-x86_64-fedora-gcc, r-patched-linux-x86_64, r-release-linux-x86_64

Version: 0.1.0
Check: Rd cross-references
Result: NOTE
    Undeclared packages ‘carData’, ‘factoextra’, ‘labstatR’ in Rd xrefs
Flavor: r-devel-linux-x86_64-fedora-clang