CRAN Package Check Results for Package LabRS

Last updated on 2024-03-01 12:51:59 CET.

Flavor Version Tinstall Tcheck Ttotal Status Flags
r-devel-linux-x86_64-debian-clang 0.1.0 2.64 28.38 31.02 NOTE
r-devel-linux-x86_64-debian-gcc 0.1.0 1.82 22.02 23.84 NOTE
r-devel-linux-x86_64-fedora-clang 0.1.0 39.85 NOTE
r-devel-linux-x86_64-fedora-gcc 0.1.0 40.30 NOTE
r-devel-windows-x86_64 0.1.0 3.00 48.00 51.00 OK
r-patched-linux-x86_64 0.1.0 2.49 26.32 28.81 NOTE
r-release-linux-x86_64 0.1.0 1.59 25.83 27.42 NOTE
r-release-macos-arm64 0.1.0 23.00 OK
r-release-macos-x86_64 0.1.0 32.00 OK
r-release-windows-x86_64 0.1.0 4.00 49.00 53.00 OK
r-oldrel-macos-arm64 0.1.0 18.00 OK
r-oldrel-windows-x86_64 0.1.0 4.00 50.00 54.00 OK

Check Details

Version: 0.1.0
Check: for non-standard things in the check directory
Result: NOTE Found the following files/directories: ‘MYSLID.csv’ ‘tabelle.csv’ Flavors: r-devel-linux-x86_64-debian-clang, r-devel-linux-x86_64-debian-gcc, r-devel-linux-x86_64-fedora-clang, r-devel-linux-x86_64-fedora-gcc, r-patched-linux-x86_64, r-release-linux-x86_64

Version: 0.1.0
Check: Rd cross-references
Result: NOTE Undeclared packages ‘carData’, ‘factoextra’, ‘labstatR’ in Rd xrefs Flavor: r-devel-linux-x86_64-fedora-clang