Last updated on 2023-12-05 21:50:42 CET.
Flavor | Version | Tinstall | Tcheck | Ttotal | Status | Flags |
---|---|---|---|---|---|---|
r-devel-linux-x86_64-debian-clang | 0.8.4 | 121.11 | 47.04 | 168.15 | NOTE | |
r-devel-linux-x86_64-debian-gcc | 0.8.4 | 73.87 | 37.16 | 111.03 | NOTE | |
r-devel-linux-x86_64-fedora-clang | 0.8.4 | 261.72 | OK | |||
r-devel-linux-x86_64-fedora-gcc | 0.8.4 | 241.78 | OK | |||
r-devel-windows-x86_64 | 0.8.4 | 87.00 | 95.00 | 182.00 | OK | |
r-patched-linux-x86_64 | 0.8.4 | 98.20 | 46.10 | 144.30 | OK | |
r-release-linux-x86_64 | 0.8.4 | 98.63 | 46.56 | 145.19 | OK | |
r-release-macos-arm64 | 0.8.4 | 57.00 | OK | |||
r-release-macos-x86_64 | 0.8.4 | 109.00 | OK | |||
r-release-windows-x86_64 | 0.8.4 | 88.00 | 96.00 | 184.00 | OK | |
r-oldrel-macos-arm64 | 0.8.4 | 49.00 | OK | |||
r-oldrel-macos-x86_64 | 0.8.4 | 76.00 | OK | |||
r-oldrel-windows-x86_64 | 0.8.4 | 98.00 | 97.00 | 195.00 | OK |
Version: 0.8.4
Check: Rd files
Result: NOTE
checkRd: (-1) laf_open.Rd:10: Lost braces; missing escapes or markup?
10 | \item{model}{a {data model}, such as one returned by \link{read_dm} or
| ^
Flavors: r-devel-linux-x86_64-debian-clang, r-devel-linux-x86_64-debian-gcc