CRAN Package Check Results for Package LTRCtrees

Last updated on 2022-08-11 12:55:35 CEST.

Flavor Version Tinstall Tcheck Ttotal Status Flags
r-devel-linux-x86_64-debian-clang 1.1.1 2.79 64.05 66.84 NOTE
r-devel-linux-x86_64-debian-gcc 1.1.1 2.26 45.55 47.81 NOTE
r-devel-linux-x86_64-fedora-clang 1.1.1 89.66 NOTE
r-devel-linux-x86_64-fedora-gcc 1.1.1 88.67 NOTE
r-devel-windows-x86_64 1.1.1 13.00 87.00 100.00 NOTE
r-patched-linux-x86_64 1.1.1 3.01 59.87 62.88 NOTE
r-release-linux-x86_64 1.1.1 NOTE
r-release-macos-arm64 1.1.1 29.00 NOTE
r-release-macos-x86_64 1.1.1 38.00 NOTE
r-release-windows-x86_64 1.1.1 13.00 87.00 100.00 NOTE
r-oldrel-macos-arm64 1.1.1 46.00 NOTE
r-oldrel-macos-x86_64 1.1.1 51.00 NOTE
r-oldrel-windows-ix86+x86_64 1.1.1 6.00 83.00 89.00 NOTE

Check Details

Version: 1.1.1
Check: LazyData
Result: NOTE
     'LazyData' is specified without a 'data' directory
Flavors: r-devel-linux-x86_64-debian-clang, r-devel-linux-x86_64-debian-gcc, r-devel-linux-x86_64-fedora-clang, r-devel-linux-x86_64-fedora-gcc, r-devel-windows-x86_64, r-patched-linux-x86_64, r-release-linux-x86_64, r-release-macos-arm64, r-release-macos-x86_64, r-release-windows-x86_64, r-oldrel-macos-arm64, r-oldrel-macos-x86_64, r-oldrel-windows-ix86+x86_64

Version: 1.1.1
Check: dependencies in R code
Result: NOTE
    Namespaces in Imports field not imported from:
     ‘Icens’ ‘interval’
     All declared Imports should be used.
Flavors: r-devel-linux-x86_64-fedora-clang, r-devel-linux-x86_64-fedora-gcc, r-release-macos-arm64, r-release-macos-x86_64, r-oldrel-macos-arm64, r-oldrel-macos-x86_64