CRAN Package Check Results for Package LSX

Last updated on 2022-08-18 12:54:04 CEST.

Flavor Version Tinstall Tcheck Ttotal Status Flags
r-devel-linux-x86_64-debian-clang 1.1.1 14.77 292.37 307.14 OK
r-devel-linux-x86_64-debian-gcc 1.1.1 11.41 218.63 230.04 OK
r-devel-linux-x86_64-fedora-clang 1.1.1 391.04 NOTE
r-devel-linux-x86_64-fedora-gcc 1.1.1 423.37 NOTE
r-devel-windows-x86_64 1.1.1 29.00 297.00 326.00 OK
r-patched-linux-x86_64 1.1.1 21.48 299.64 321.12 OK
r-release-linux-x86_64 1.1.1 12.52 294.53 307.05 OK
r-release-macos-arm64 1.1.1 103.00 NOTE
r-release-macos-x86_64 1.1.1 203.00 NOTE
r-release-windows-x86_64 1.1.1 25.00 287.00 312.00 OK
r-oldrel-macos-arm64 1.1.1 118.00 NOTE
r-oldrel-macos-x86_64 1.1.1 138.00 NOTE
r-oldrel-windows-ix86+x86_64 1.1.1 31.00 307.00 338.00 OK

Check Details

Version: 1.1.1
Check: data for non-ASCII characters
Result: NOTE
     Note: found 2096 marked UTF-8 strings
Flavors: r-devel-linux-x86_64-fedora-clang, r-devel-linux-x86_64-fedora-gcc, r-release-macos-arm64, r-release-macos-x86_64, r-oldrel-macos-arm64, r-oldrel-macos-x86_64