CRAN Package Check Results for Package LSRS

Last updated on 2023-11-28 21:48:20 CET.

Flavor Version Tinstall Tcheck Ttotal Status Flags
r-devel-linux-x86_64-debian-clang 0.2.0 2.25 21.16 23.41 NOTE
r-devel-linux-x86_64-debian-gcc 0.2.0 1.64 16.36 18.00 NOTE
r-devel-linux-x86_64-fedora-clang 0.2.0 29.11 NOTE
r-devel-linux-x86_64-fedora-gcc 0.2.0 28.58 NOTE
r-devel-windows-x86_64 0.2.0 4.00 39.00 43.00 NOTE
r-patched-linux-x86_64 0.2.0 2.12 20.94 23.06 NOTE
r-release-linux-x86_64 0.2.0 1.89 20.51 22.40 NOTE
r-release-macos-arm64 0.2.0 15.00 NOTE
r-release-macos-x86_64 0.2.0 19.00 NOTE
r-release-windows-x86_64 0.2.0 4.00 40.00 44.00 NOTE
r-oldrel-macos-arm64 0.2.0 17.00 NOTE
r-oldrel-macos-x86_64 0.2.0 19.00 NOTE
r-oldrel-windows-x86_64 0.2.0 3.00 43.00 46.00 NOTE

Check Details

Version: 0.2.0
Check: LazyData
Result: NOTE 'LazyData' is specified without a 'data' directory Flavors: r-devel-linux-x86_64-debian-clang, r-devel-linux-x86_64-debian-gcc, r-devel-linux-x86_64-fedora-clang, r-devel-linux-x86_64-fedora-gcc, r-devel-windows-x86_64, r-patched-linux-x86_64, r-release-linux-x86_64, r-release-macos-arm64, r-release-macos-x86_64, r-release-windows-x86_64, r-oldrel-macos-arm64, r-oldrel-macos-x86_64, r-oldrel-windows-x86_64