Last updated on 2025-02-01 12:48:30 CET.
Flavor | Version | Tinstall | Tcheck | Ttotal | Status | Flags |
---|---|---|---|---|---|---|
r-devel-linux-x86_64-debian-clang | 1.0-3 | 11.85 | 102.16 | 114.01 | OK | |
r-devel-linux-x86_64-debian-gcc | 1.0-3 | 8.69 | 73.61 | 82.30 | OK | |
r-devel-linux-x86_64-fedora-clang | 1.0-3 | 197.29 | OK | |||
r-devel-linux-x86_64-fedora-gcc | 1.0-3 | 181.44 | OK | |||
r-devel-windows-x86_64 | 1.0-3 | 15.00 | 114.00 | 129.00 | OK | |
r-patched-linux-x86_64 | 1.0-3 | 12.85 | 93.58 | 106.43 | NOTE | |
r-release-linux-x86_64 | 1.0-3 | 11.29 | 93.92 | 105.21 | NOTE | |
r-release-macos-arm64 | 1.0-3 | 51.00 | NOTE | |||
r-release-macos-x86_64 | 1.0-3 | 97.00 | NOTE | |||
r-release-windows-x86_64 | 1.0-3 | 12.00 | 114.00 | 126.00 | NOTE | |
r-oldrel-macos-arm64 | 1.0-3 | 57.00 | NOTE | |||
r-oldrel-macos-x86_64 | 1.0-3 | 88.00 | NOTE | |||
r-oldrel-windows-x86_64 | 1.0-3 | 17.00 | 142.00 | 159.00 | NOTE |
Version: 1.0-3
Check: package dependencies
Result: NOTE
Package suggested but not available for checking: ‘kerdiest’
Flavors: r-patched-linux-x86_64, r-release-linux-x86_64, r-release-macos-arm64, r-release-macos-x86_64, r-release-windows-x86_64, r-oldrel-macos-arm64, r-oldrel-windows-x86_64
Version: 1.0-3
Check: package dependencies
Result: NOTE
Packages suggested but not available for checking:
'sirt', 'kerdiest', 'car', 'mitml'
Flavor: r-oldrel-macos-x86_64