CRAN Package Check Results for Package LSAmitR

Last updated on 2022-01-24 12:52:14 CET.

Flavor Version Tinstall Tcheck Ttotal Status Flags
r-devel-linux-x86_64-debian-clang 1.0-2 11.19 126.75 137.94 OK
r-devel-linux-x86_64-debian-gcc 1.0-2 10.31 95.84 106.15 OK
r-devel-linux-x86_64-fedora-clang 1.0-2 188.78 NOTE
r-devel-linux-x86_64-fedora-gcc 1.0-2 166.70 NOTE
r-devel-windows-x86_64-new-UL 1.0-2 32.00 149.00 181.00 OK
r-devel-windows-x86_64-new-TK 1.0-2 ERROR
r-patched-linux-x86_64 1.0-2 10.11 120.42 130.53 OK
r-release-linux-x86_64 1.0-2 8.45 120.03 128.48 OK
r-release-macos-arm64 1.0-2 NOTE
r-release-macos-x86_64 1.0-2 NOTE
r-release-windows-ix86+x86_64 1.0-2 30.00 144.00 174.00 OK
r-oldrel-macos-x86_64 1.0-2 NOTE
r-oldrel-windows-ix86+x86_64 1.0-2 31.00 148.00 179.00 OK

Check Details

Version: 1.0-2
Check: data for non-ASCII characters
Result: NOTE
     Note: found 55 marked UTF-8 strings
Flavors: r-devel-linux-x86_64-fedora-clang, r-devel-linux-x86_64-fedora-gcc, r-release-macos-arm64, r-release-macos-x86_64, r-oldrel-macos-x86_64

Version: 1.0-2
Check: package dependencies
Result: ERROR
    Package required but not available: 'lme4'
    
    Packages suggested but not available for checking: 'difR', 'car', 'mitml'
    
    See section 'The DESCRIPTION file' in the 'Writing R Extensions'
    manual.
Flavor: r-devel-windows-x86_64-new-TK