CRAN Package Check Results for Package LRcontrast

Last updated on 2024-07-12 12:55:08 CEST.

Flavor Version Tinstall Tcheck Ttotal Status Flags
r-devel-linux-x86_64-debian-clang 1.0 3.88 32.44 36.32 OK
r-devel-linux-x86_64-debian-gcc 1.0 2.83 24.02 26.85 OK
r-devel-linux-x86_64-fedora-clang 1.0 46.99 NOTE
r-devel-linux-x86_64-fedora-gcc 1.0 43.11 NOTE
r-devel-windows-x86_64 1.0 7.00 46.00 53.00 OK
r-patched-linux-x86_64 1.0 3.83 30.18 34.01 OK
r-release-linux-x86_64 1.0 3.35 31.33 34.68 OK
r-release-macos-arm64 1.0 19.00 OK
r-release-macos-x86_64 1.0 28.00 OK
r-release-windows-x86_64 1.0 7.00 46.00 53.00 OK
r-oldrel-macos-arm64 1.0 21.00 OK
r-oldrel-macos-x86_64 1.0 28.00 OK
r-oldrel-windows-x86_64 1.0 7.00 50.00 57.00 OK

Check Details

Version: 1.0
Check: compiled code
Result: NOTE File ‘LRcontrast/libs/LRcontrast.so’: Found no calls to: ‘R_registerRoutines’, ‘R_useDynamicSymbols’ It is good practice to register native routines and to disable symbol search. See ‘Writing portable packages’ in the ‘Writing R Extensions’ manual. Flavors: r-devel-linux-x86_64-fedora-clang, r-devel-linux-x86_64-fedora-gcc