Last updated on 2023-03-27 12:54:26 CEST.
Flavor | Version | Tinstall | Tcheck | Ttotal | Status | Flags |
---|---|---|---|---|---|---|
r-devel-linux-x86_64-debian-clang | 1.2.3 | 1.82 | 29.83 | 31.65 | OK | |
r-devel-linux-x86_64-debian-gcc | 1.2.3 | 1.92 | 22.80 | 24.72 | OK | |
r-devel-linux-x86_64-fedora-clang | 1.2.3 | 42.20 | OK | |||
r-devel-linux-x86_64-fedora-gcc | 1.2.3 | 40.37 | OK | |||
r-devel-windows-x86_64 | 1.2.3 | 7.00 | 63.00 | 70.00 | OK | |
r-patched-linux-x86_64 | 1.2.3 | 2.85 | 28.76 | 31.61 | OK | |
r-release-linux-x86_64 | 1.2.3 | 2.69 | 30.18 | 32.87 | OK | |
r-release-macos-arm64 | 1.2.3 | 5.00 | ERROR | |||
r-release-macos-x86_64 | 1.2.3 | 7.00 | ERROR | |||
r-release-windows-x86_64 | 1.2.3 | 8.00 | 63.00 | 71.00 | OK | |
r-oldrel-macos-arm64 | 1.2.3 | 9.00 | ERROR | |||
r-oldrel-macos-x86_64 | 1.2.3 | 12.00 | ERROR | |||
r-oldrel-windows-ix86+x86_64 | 1.2.3 | 7.00 | 56.00 | 63.00 | OK |
Version: 1.2.3
Check: package dependencies
Result: ERROR
Package required but not available: ‘GeneticsPed’
See section ‘The DESCRIPTION file’ in the ‘Writing R Extensions’
manual.
Flavors: r-release-macos-arm64, r-release-macos-x86_64, r-oldrel-macos-arm64, r-oldrel-macos-x86_64