Last updated on 2023-04-01 11:51:32 CEST.
Flavor | Version | Tinstall | Tcheck | Ttotal | Status | Flags |
---|---|---|---|---|---|---|
r-devel-linux-x86_64-debian-clang | 3.3 | 21.63 | 156.32 | 177.95 | OK | |
r-devel-linux-x86_64-debian-gcc | 3.3 | 15.31 | 116.20 | 131.51 | OK | |
r-devel-linux-x86_64-fedora-clang | 3.3 | 227.87 | OK | |||
r-devel-linux-x86_64-fedora-gcc | 3.3 | 221.58 | OK | |||
r-devel-windows-x86_64 | 3.3 | 26.00 | 170.00 | 196.00 | OK | |
r-patched-linux-x86_64 | 3.3 | 17.67 | 147.38 | 165.05 | OK | |
r-release-linux-x86_64 | 3.3 | 12.90 | 151.34 | 164.24 | NOTE | |
r-release-macos-arm64 | 3.3 | 66.00 | OK | |||
r-release-macos-x86_64 | 3.3 | 81.00 | OK | |||
r-release-windows-x86_64 | 3.3 | 32.00 | 192.00 | 224.00 | OK | |
r-oldrel-macos-arm64 | 3.3 | 55.00 | OK | |||
r-oldrel-macos-x86_64 | 3.3 | 81.00 | OK | |||
r-oldrel-windows-ix86+x86_64 | 3.3 | 42.00 | 169.00 | 211.00 | OK |
Version: 3.3
Check: DESCRIPTION meta-information
Result: NOTE
Dependence on R version ‘4.0.3’ not with patchlevel 0
Flavor: r-release-linux-x86_64