Last updated on 2024-04-20 03:53:08 CEST.
Flavor | Version | Tinstall | Tcheck | Ttotal | Status | Flags |
---|---|---|---|---|---|---|
r-devel-linux-x86_64-debian-clang | 0.4.0 | 42.81 | 79.94 | 122.75 | OK | |
r-devel-linux-x86_64-debian-gcc | 0.4.0 | OK | ||||
r-devel-linux-x86_64-fedora-clang | 0.4.0 | 175.30 | OK | |||
r-devel-linux-x86_64-fedora-gcc | 0.4.0 | 175.39 | OK | |||
r-prerel-macos-arm64 | 0.4.0 | 84.00 | NOTE | |||
r-prerel-macos-x86_64 | 0.4.0 | 171.00 | NOTE | |||
r-prerel-windows-x86_64 | 0.4.0 | 45.00 | 193.00 | 238.00 | OK | |
r-patched-linux-x86_64 | 0.4.0 | 50.08 | 73.31 | 123.39 | OK | |
r-release-linux-x86_64 | 0.4.0 | 33.41 | 75.56 | 108.97 | OK | |
r-release-macos-arm64 | 0.4.0 | 11.00 | ERROR | |||
r-release-macos-x86_64 | 0.4.0 | 6.00 | ERROR | |||
r-release-windows-x86_64 | 0.4.0 | 49.00 | 267.00 | 316.00 | OK | |
r-oldrel-macos-arm64 | 0.4.0 | 127.00 | NOTE | |||
r-oldrel-windows-x86_64 | 0.4.0 | 47.00 | 259.00 | 306.00 | OK |
Version: 0.4.0
Check: installed package size
Result: NOTE
installed size is 6.1Mb
sub-directories of 1Mb or more:
libs 5.0Mb
Flavors: r-prerel-macos-arm64, r-prerel-macos-x86_64, r-oldrel-macos-arm64
Version: 0.4.0
Check: package dependencies
Result: ERROR
Package required but not available: ‘rhdf5’
See section ‘The DESCRIPTION file’ in the ‘Writing R Extensions’
manual.
Flavors: r-release-macos-arm64, r-release-macos-x86_64