Last updated on 2024-04-23 21:54:49 CEST.
Flavor | Version | Tinstall | Tcheck | Ttotal | Status | Flags |
---|---|---|---|---|---|---|
r-devel-linux-x86_64-debian-clang | 1.1.3 | 65.55 | 78.88 | 144.43 | OK | |
r-devel-linux-x86_64-debian-gcc | 1.1.3 | 45.45 | 59.08 | 104.53 | OK | |
r-devel-linux-x86_64-fedora-clang | 1.1.3 | 211.78 | OK | |||
r-devel-linux-x86_64-fedora-gcc | 1.1.3 | 209.48 | OK | |||
r-prerel-macos-arm64 | 1.1.3 | 50.00 | NOTE | |||
r-prerel-windows-x86_64 | 1.1.3 | 48.00 | 97.00 | 145.00 | OK | |
r-patched-linux-x86_64 | 1.1.3 | 66.30 | 77.11 | 143.41 | OK | |
r-release-linux-x86_64 | 1.1.3 | 54.57 | 77.84 | 132.41 | OK | |
r-release-macos-arm64 | 1.1.3 | 61.00 | NOTE | |||
r-release-macos-x86_64 | 1.1.3 | 89.00 | NOTE | |||
r-release-windows-x86_64 | 1.1.3 | 61.00 | 113.00 | 174.00 | OK | |
r-oldrel-macos-arm64 | 1.1.3 | 47.00 | NOTE | |||
r-oldrel-windows-x86_64 | 1.1.3 | 54.00 | 112.00 | 166.00 | OK |
Version: 1.1.3
Check: installed package size
Result: NOTE
installed size is 8.0Mb
sub-directories of 1Mb or more:
libs 7.6Mb
Flavors: r-prerel-macos-arm64, r-release-macos-arm64, r-release-macos-x86_64, r-oldrel-macos-arm64